{"id":83,"date":"2020-02-16T22:47:40","date_gmt":"2020-02-16T22:47:40","guid":{"rendered":"https:\/\/sinistracivica.it\/?page_id=83"},"modified":"2021-01-20T12:53:21","modified_gmt":"2021-01-20T12:53:21","slug":"premessa","status":"publish","type":"page","link":"https:\/\/sinistracivica.it\/index.php\/programma\/premessa\/","title":{"rendered":"Premessa"},"content":{"rendered":"\n<p class=\"has-black-color has-text-color\">La redazione del programma di governo \u00e8 un momento necessario sia nella fase preparatoria per la nostra campagna elettorale sia in quella successiva di predisposizione delle azioni di governo. Questo programma, anche se non dettagliato in ogni sua parte, costituisce un quadro di riferimento, attraverso il quale interpretare i processi politici, sociali ed economici dell\u2019attuale societ\u00e0 e motivare le proposte operative che desideriamo mettere in atto, partendo dall\u2019analisi delle condizioni attuali (globali e locali) e cercando, per quanto possibile, di individuare gli elementi determinanti.<br>Il presente programma \u00e8 il risultato sintetico di un lavoro svolto da persone con esigenze e sensibilit\u00e0 differenti, con percorsi politici anche diversi, ma concordi e coesi nel progetto di costruire una coalizione incentrata su un concetto di promozione del benessere di una comunit\u00e0, nella quale si agisce nell\u2019interesse comune andando oltre divisive suggestioni ideologiche o posizioni di comodo.<br>Possiamo definire la nostra coalizione un\u2019intesa di governo locale con l\u2019intenzione di restituire alla politica il suo tradizionale ruolo di guida. Siamo consapevoli della sfida che ci attende, ma non timorosi nell\u2019affrontarla, perch\u00e9 fiduciosi del sostegno dei nostri concittadini.<br>Siamo consapevoli della crisi in cui versa la democrazia rappresentativa, nonch\u00e9 del diffuso senso di sfiducia nei confronti delle Istituzioni, cui i cittadini attribuiscono il mancato ascolto delle esigenze collettive, le inefficienze amministrative, ed una pi\u00f9 generale lontananza dai problemi della realt\u00e0. Nel contempo, registriamo una domanda di buona politica, di partecipazione al vivere comune, di rivendicazione di interessi comuni e diritti individuali.<br>Riteniamo che la buona politica sia conoscenza del contesto nel quale si opera, con l\u2019intento, se necessario, di trasformare e migliorare le condizioni di vita delle persone. Essa \u00e8 pure attenzione affinch\u00e9 i servizi siano efficienti e rispondano alle esigenze dei cittadini, \u00e8 educazione democratica e rispetto per l\u2019altro. La buona politica \u00e8 apertura ad esperienze partecipative, di dibattito e confronto, ma soprattutto la buona politica deve riflettere i principi fondamentali della nostra Costituzione: sovranit\u00e0 del popolo, libert\u00e0, equit\u00e0, solidariet\u00e0 e partecipazione.<br>\u00c8 con questa filosofia, con questa ambizione, che abbiamo ritenuto indispensabile rilanciare una proposta politica alternativa. \u00c8 con umilt\u00e0 e rispetto dei ruoli e delle persone che mettiamo a disposizione il nostro impegno, la nostra passione, le nostre competenze per la realizzazione di un progetto di governo per Venaria Reale.<br>Non solo, l\u2019attuale pandemia provocata da diffondersi a livello planetario del Covid 19 ha evidenziato i limiti dell\u2019attuale modello di sviluppo, andando a minare in un colpo solo i suoi presupposti fondanti: il grande consumo di massa e il sistema capitalistico di produzione e distribuzione di beni e servizi. Nel contempo, ha messo a dura prova, non solo nel nostro Paese, la tenuta del Sistema Sanitario Nazionale, evidenziando l\u2019importanza di un sistema efficace ed efficiente di welfare state, all\u2019interno delle funzioni delle Istituzioni nazionali e locali il cui ruolo \u00e8 oggetto di riflessione ed analisi.<br>Pertanto, il presente programma delinea ambiti di lavoro e linee d\u2019intervento rispetto alle esigenze della nostra comunit\u00e0, tuttavia, alla luce del mutamento sociale in atto e data l\u2019incertezza degli scenari prossimi e futuri, resta per approccio e metodo un documento che necessita sia di integrazioni che di aggiornamenti.<\/p>\n\n\n\n<hr class=\"wp-block-separator is-style-default\"\/>\n\n\n\n<p><\/p>\n","protected":false},"excerpt":{"rendered":"<p>La redazione del programma di governo \u00e8 un momento necessario sia nella fase preparatoria per la nostra campagna elettorale sia in quella successiva di predisposizione delle azioni di governo. Questo programma, anche se non dettagliato in ogni sua parte, costituisce un quadro di riferimento, attraverso il quale interpretare i processi politici, sociali ed economici dell\u2019attuale [&hellip;]<\/p>\n","protected":false},"author":1,"featured_media":0,"parent":65,"menu_order":2,"comment_status":"closed","ping_status":"closed","template":"","meta":{"footnotes":""},"class_list":["post-83","page","type-page","status-publish","hentry"],"yoast_head":"<!-- This site is optimized with the Yoast SEO plugin v27.5 - https:\/\/yoast.com\/product\/yoast-seo-wordpress\/ -->\n<title>Premessa - SINISTRA CIVICA<\/title>\n<meta name=\"robots\" content=\"index, follow, max-snippet:-1, max-image-preview:large, max-video-preview:-1\" \/>\n<link rel=\"canonical\" href=\"https:\/\/sinistracivica.it\/index.php\/programma\/premessa\/\" \/>\n<meta property=\"og:locale\" content=\"it_IT\" \/>\n<meta property=\"og:type\" content=\"article\" \/>\n<meta property=\"og:title\" content=\"Premessa - SINISTRA CIVICA\" \/>\n<meta property=\"og:description\" content=\"La redazione del programma di governo \u00e8 un momento necessario sia nella fase preparatoria per la nostra campagna elettorale sia in quella successiva di predisposizione delle azioni di governo. Questo programma, anche se non dettagliato in ogni sua parte, costituisce un quadro di riferimento, attraverso il quale interpretare i processi politici, sociali ed economici dell\u2019attuale [&hellip;]\" \/>\n<meta property=\"og:url\" content=\"https:\/\/sinistracivica.it\/index.php\/programma\/premessa\/\" \/>\n<meta property=\"og:site_name\" content=\"SINISTRA CIVICA\" \/>\n<meta property=\"article:modified_time\" content=\"2021-01-20T12:53:21+00:00\" \/>\n<meta name=\"twitter:card\" content=\"summary_large_image\" \/>\n<meta name=\"twitter:label1\" content=\"Tempo di lettura stimato\" \/>\n\t<meta name=\"twitter:data1\" content=\"3 minuti\" \/>\n<script type=\"application\/ld+json\" class=\"yoast-schema-graph\">{\"@context\":\"https:\\\/\\\/schema.org\",\"@graph\":[{\"@type\":\"WebPage\",\"@id\":\"https:\\\/\\\/sinistracivica.it\\\/index.php\\\/programma\\\/premessa\\\/\",\"url\":\"https:\\\/\\\/sinistracivica.it\\\/index.php\\\/programma\\\/premessa\\\/\",\"name\":\"Premessa - SINISTRA CIVICA\",\"isPartOf\":{\"@id\":\"https:\\\/\\\/sinistracivica.it\\\/#website\"},\"datePublished\":\"2020-02-16T22:47:40+00:00\",\"dateModified\":\"2021-01-20T12:53:21+00:00\",\"breadcrumb\":{\"@id\":\"https:\\\/\\\/sinistracivica.it\\\/index.php\\\/programma\\\/premessa\\\/#breadcrumb\"},\"inLanguage\":\"it-IT\",\"potentialAction\":[{\"@type\":\"ReadAction\",\"target\":[\"https:\\\/\\\/sinistracivica.it\\\/index.php\\\/programma\\\/premessa\\\/\"]}]},{\"@type\":\"BreadcrumbList\",\"@id\":\"https:\\\/\\\/sinistracivica.it\\\/index.php\\\/programma\\\/premessa\\\/#breadcrumb\",\"itemListElement\":[{\"@type\":\"ListItem\",\"position\":1,\"name\":\"Home\",\"item\":\"https:\\\/\\\/sinistracivica.it\\\/\"},{\"@type\":\"ListItem\",\"position\":2,\"name\":\"Programma Coalizione\",\"item\":\"https:\\\/\\\/sinistracivica.it\\\/index.php\\\/programma\\\/\"},{\"@type\":\"ListItem\",\"position\":3,\"name\":\"Premessa\"}]},{\"@type\":\"WebSite\",\"@id\":\"https:\\\/\\\/sinistracivica.it\\\/#website\",\"url\":\"https:\\\/\\\/sinistracivica.it\\\/\",\"name\":\"SINISTRA CIVICA\",\"description\":\"\",\"publisher\":{\"@id\":\"https:\\\/\\\/sinistracivica.it\\\/#organization\"},\"potentialAction\":[{\"@type\":\"SearchAction\",\"target\":{\"@type\":\"EntryPoint\",\"urlTemplate\":\"https:\\\/\\\/sinistracivica.it\\\/?s={search_term_string}\"},\"query-input\":{\"@type\":\"PropertyValueSpecification\",\"valueRequired\":true,\"valueName\":\"search_term_string\"}}],\"inLanguage\":\"it-IT\"},{\"@type\":\"Organization\",\"@id\":\"https:\\\/\\\/sinistracivica.it\\\/#organization\",\"name\":\"SINISTRA CIVICA\",\"url\":\"https:\\\/\\\/sinistracivica.it\\\/\",\"logo\":{\"@type\":\"ImageObject\",\"inLanguage\":\"it-IT\",\"@id\":\"https:\\\/\\\/sinistracivica.it\\\/#\\\/schema\\\/logo\\\/image\\\/\",\"url\":\"https:\\\/\\\/sinistracivica.it\\\/wp-content\\\/uploads\\\/2021\\\/01\\\/cropped-Logo_ok.png\",\"contentUrl\":\"https:\\\/\\\/sinistracivica.it\\\/wp-content\\\/uploads\\\/2021\\\/01\\\/cropped-Logo_ok.png\",\"width\":512,\"height\":512,\"caption\":\"SINISTRA  CIVICA\"},\"image\":{\"@id\":\"https:\\\/\\\/sinistracivica.it\\\/#\\\/schema\\\/logo\\\/image\\\/\"}}]}<\/script>\n<!-- \/ Yoast SEO plugin. -->","yoast_head_json":{"title":"Premessa - SINISTRA CIVICA","robots":{"index":"index","follow":"follow","max-snippet":"max-snippet:-1","max-image-preview":"max-image-preview:large","max-video-preview":"max-video-preview:-1"},"canonical":"https:\/\/sinistracivica.it\/index.php\/programma\/premessa\/","og_locale":"it_IT","og_type":"article","og_title":"Premessa - SINISTRA CIVICA","og_description":"La redazione del programma di governo \u00e8 un momento necessario sia nella fase preparatoria per la nostra campagna elettorale sia in quella successiva di predisposizione delle azioni di governo. Questo programma, anche se non dettagliato in ogni sua parte, costituisce un quadro di riferimento, attraverso il quale interpretare i processi politici, sociali ed economici dell\u2019attuale [&hellip;]","og_url":"https:\/\/sinistracivica.it\/index.php\/programma\/premessa\/","og_site_name":"SINISTRA CIVICA","article_modified_time":"2021-01-20T12:53:21+00:00","twitter_card":"summary_large_image","twitter_misc":{"Tempo di lettura stimato":"3 minuti"},"schema":{"@context":"https:\/\/schema.org","@graph":[{"@type":"WebPage","@id":"https:\/\/sinistracivica.it\/index.php\/programma\/premessa\/","url":"https:\/\/sinistracivica.it\/index.php\/programma\/premessa\/","name":"Premessa - SINISTRA CIVICA","isPartOf":{"@id":"https:\/\/sinistracivica.it\/#website"},"datePublished":"2020-02-16T22:47:40+00:00","dateModified":"2021-01-20T12:53:21+00:00","breadcrumb":{"@id":"https:\/\/sinistracivica.it\/index.php\/programma\/premessa\/#breadcrumb"},"inLanguage":"it-IT","potentialAction":[{"@type":"ReadAction","target":["https:\/\/sinistracivica.it\/index.php\/programma\/premessa\/"]}]},{"@type":"BreadcrumbList","@id":"https:\/\/sinistracivica.it\/index.php\/programma\/premessa\/#breadcrumb","itemListElement":[{"@type":"ListItem","position":1,"name":"Home","item":"https:\/\/sinistracivica.it\/"},{"@type":"ListItem","position":2,"name":"Programma Coalizione","item":"https:\/\/sinistracivica.it\/index.php\/programma\/"},{"@type":"ListItem","position":3,"name":"Premessa"}]},{"@type":"WebSite","@id":"https:\/\/sinistracivica.it\/#website","url":"https:\/\/sinistracivica.it\/","name":"SINISTRA CIVICA","description":"","publisher":{"@id":"https:\/\/sinistracivica.it\/#organization"},"potentialAction":[{"@type":"SearchAction","target":{"@type":"EntryPoint","urlTemplate":"https:\/\/sinistracivica.it\/?s={search_term_string}"},"query-input":{"@type":"PropertyValueSpecification","valueRequired":true,"valueName":"search_term_string"}}],"inLanguage":"it-IT"},{"@type":"Organization","@id":"https:\/\/sinistracivica.it\/#organization","name":"SINISTRA CIVICA","url":"https:\/\/sinistracivica.it\/","logo":{"@type":"ImageObject","inLanguage":"it-IT","@id":"https:\/\/sinistracivica.it\/#\/schema\/logo\/image\/","url":"https:\/\/sinistracivica.it\/wp-content\/uploads\/2021\/01\/cropped-Logo_ok.png","contentUrl":"https:\/\/sinistracivica.it\/wp-content\/uploads\/2021\/01\/cropped-Logo_ok.png","width":512,"height":512,"caption":"SINISTRA  CIVICA"},"image":{"@id":"https:\/\/sinistracivica.it\/#\/schema\/logo\/image\/"}}]}},"_links":{"self":[{"href":"https:\/\/sinistracivica.it\/index.php\/wp-json\/wp\/v2\/pages\/83","targetHints":{"allow":["GET"]}}],"collection":[{"href":"https:\/\/sinistracivica.it\/index.php\/wp-json\/wp\/v2\/pages"}],"about":[{"href":"https:\/\/sinistracivica.it\/index.php\/wp-json\/wp\/v2\/types\/page"}],"author":[{"embeddable":true,"href":"https:\/\/sinistracivica.it\/index.php\/wp-json\/wp\/v2\/users\/1"}],"replies":[{"embeddable":true,"href":"https:\/\/sinistracivica.it\/index.php\/wp-json\/wp\/v2\/comments?post=83"}],"version-history":[{"count":6,"href":"https:\/\/sinistracivica.it\/index.php\/wp-json\/wp\/v2\/pages\/83\/revisions"}],"predecessor-version":[{"id":1591,"href":"https:\/\/sinistracivica.it\/index.php\/wp-json\/wp\/v2\/pages\/83\/revisions\/1591"}],"up":[{"embeddable":true,"href":"https:\/\/sinistracivica.it\/index.php\/wp-json\/wp\/v2\/pages\/65"}],"wp:attachment":[{"href":"https:\/\/sinistracivica.it\/index.php\/wp-json\/wp\/v2\/media?parent=83"}],"curies":[{"name":"wp","href":"https:\/\/api.w.org\/{rel}","templated":true}]}}

<p class="has-black-color has-text-color">La redazione del programma di governo è un momento necessario sia nella fase preparatoria per la nostra campagna elettorale sia in quella successiva di predisposizione delle azioni di governo. Questo programma, anche se non dettagliato in ogni sua parte, costituisce un quadro di riferimento, attraverso il quale interpretare i processi politici, sociali ed economici dell’attuale società e motivare le proposte operative che desideriamo mettere in atto, partendo dall’analisi delle condizioni attuali (globali e locali) e cercando, per quanto possibile, di individuare gli elementi determinanti.<br>Il presente programma è il risultato sintetico di un lavoro svolto da persone con esigenze e sensibilità differenti, con percorsi politici anche diversi, ma concordi e coesi nel progetto di costruire una coalizione incentrata su un concetto di promozione del benessere di una comunità, nella quale si agisce nell’interesse comune andando oltre divisive suggestioni ideologiche o posizioni di comodo.<br>Possiamo definire la nostra coalizione un’intesa di governo locale con l’intenzione di restituire alla politica il suo tradizionale ruolo di guida. Siamo consapevoli della sfida che ci attende, ma non timorosi nell’affrontarla, perché fiduciosi del sostegno dei nostri concittadini.<br>Siamo consapevoli della crisi in cui versa la democrazia rappresentativa, nonché del diffuso senso di sfiducia nei confronti delle Istituzioni, cui i cittadini attribuiscono il mancato ascolto delle esigenze collettive, le inefficienze amministrative, ed una più generale lontananza dai problemi della realtà. Nel contempo, registriamo una domanda di buona politica, di partecipazione al vivere comune, di rivendicazione di interessi comuni e diritti individuali.<br>Riteniamo che la buona politica sia conoscenza del contesto nel quale si opera, con l’intento, se necessario, di trasformare e migliorare le condizioni di vita delle persone. Essa è pure attenzione affinché i servizi siano efficienti e rispondano alle esigenze dei cittadini, è educazione democratica e rispetto per l’altro. La buona politica è apertura ad esperienze partecipative, di dibattito e confronto, ma soprattutto la buona politica deve riflettere i principi fondamentali della nostra Costituzione: sovranità del popolo, libertà, equità, solidarietà e partecipazione.<br>È con questa filosofia, con questa ambizione, che abbiamo ritenuto indispensabile rilanciare una proposta politica alternativa. È con umiltà e rispetto dei ruoli e delle persone che mettiamo a disposizione il nostro impegno, la nostra passione, le nostre competenze per la realizzazione di un progetto di governo per Venaria Reale.<br>Non solo, l’attuale pandemia provocata da diffondersi a livello planetario del Covid 19 ha evidenziato i limiti dell’attuale modello di sviluppo, andando a minare in un colpo solo i suoi presupposti fondanti: il grande consumo di massa e il sistema capitalistico di produzione e distribuzione di beni e servizi. Nel contempo, ha messo a dura prova, non solo nel nostro Paese, la tenuta del Sistema Sanitario Nazionale, evidenziando l’importanza di un sistema efficace ed efficiente di welfare state, all’interno delle funzioni delle Istituzioni nazionali e locali il cui ruolo è oggetto di riflessione ed analisi.<br>Pertanto, il presente programma delinea ambiti di lavoro e linee d’intervento rispetto alle esigenze della nostra comunità, tuttavia, alla luce del mutamento sociale in atto e data l’incertezza degli scenari prossimi e futuri, resta per approccio e metodo un documento che necessita sia di integrazioni che di aggiornamenti.</p>



<hr class="wp-block-separator is-style-default"/>



<p></p>

<p>La redazione del programma di governo è un momento necessario sia nella fase preparatoria per la nostra campagna elettorale sia in quella successiva di predisposizione delle azioni di governo. Questo programma, anche se non dettagliato in ogni sua parte, costituisce un quadro di riferimento, attraverso il quale interpretare i processi politici, sociali ed economici dell’attuale [&hellip;]</p>

<!-- This site is optimized with the Yoast SEO plugin v27.5 - https://yoast.com/product/yoast-seo-wordpress/ -->
<title>Premessa - SINISTRA CIVICA</title>
<meta name="robots" content="index, follow, max-snippet:-1, max-image-preview:large, max-video-preview:-1" />
<link rel="canonical" href="https://sinistracivica.it/index.php/programma/premessa/" />
<meta property="og:locale" content="it_IT" />
<meta property="og:type" content="article" />
<meta property="og:title" content="Premessa - SINISTRA CIVICA" />
<meta property="og:description" content="La redazione del programma di governo è un momento necessario sia nella fase preparatoria per la nostra campagna elettorale sia in quella successiva di predisposizione delle azioni di governo. Questo programma, anche se non dettagliato in ogni sua parte, costituisce un quadro di riferimento, attraverso il quale interpretare i processi politici, sociali ed economici dell’attuale [&hellip;]" />
<meta property="og:url" content="https://sinistracivica.it/index.php/programma/premessa/" />
<meta property="og:site_name" content="SINISTRA CIVICA" />
<meta property="article:modified_time" content="2021-01-20T12:53:21+00:00" />
<meta name="twitter:card" content="summary_large_image" />
<meta name="twitter:label1" content="Tempo di lettura stimato" />
	<meta name="twitter:data1" content="3 minuti" />
<script type="application/ld+json" class="yoast-schema-graph">{"@context":"https:\/\/schema.org","@graph":[{"@type":"WebPage","@id":"https:\/\/sinistracivica.it\/index.php\/programma\/premessa\/","url":"https:\/\/sinistracivica.it\/index.php\/programma\/premessa\/","name":"Premessa - SINISTRA CIVICA","isPartOf":{"@id":"https:\/\/sinistracivica.it\/#website"},"datePublished":"2020-02-16T22:47:40+00:00","dateModified":"2021-01-20T12:53:21+00:00","breadcrumb":{"@id":"https:\/\/sinistracivica.it\/index.php\/programma\/premessa\/#breadcrumb"},"inLanguage":"it-IT","potentialAction":[{"@type":"ReadAction","target":["https:\/\/sinistracivica.it\/index.php\/programma\/premessa\/"]}]},{"@type":"BreadcrumbList","@id":"https:\/\/sinistracivica.it\/index.php\/programma\/premessa\/#breadcrumb","itemListElement":[{"@type":"ListItem","position":1,"name":"Home","item":"https:\/\/sinistracivica.it\/"},{"@type":"ListItem","position":2,"name":"Programma Coalizione","item":"https:\/\/sinistracivica.it\/index.php\/programma\/"},{"@type":"ListItem","position":3,"name":"Premessa"}]},{"@type":"WebSite","@id":"https:\/\/sinistracivica.it\/#website","url":"https:\/\/sinistracivica.it\/","name":"SINISTRA CIVICA","description":"","publisher":{"@id":"https:\/\/sinistracivica.it\/#organization"},"potentialAction":[{"@type":"SearchAction","target":{"@type":"EntryPoint","urlTemplate":"https:\/\/sinistracivica.it\/?s={search_term_string}"},"query-input":{"@type":"PropertyValueSpecification","valueRequired":true,"valueName":"search_term_string"}}],"inLanguage":"it-IT"},{"@type":"Organization","@id":"https:\/\/sinistracivica.it\/#organization","name":"SINISTRA CIVICA","url":"https:\/\/sinistracivica.it\/","logo":{"@type":"ImageObject","inLanguage":"it-IT","@id":"https:\/\/sinistracivica.it\/#\/schema\/logo\/image\/","url":"https:\/\/sinistracivica.it\/wp-content\/uploads\/2021\/01\/cropped-Logo_ok.png","contentUrl":"https:\/\/sinistracivica.it\/wp-content\/uploads\/2021\/01\/cropped-Logo_ok.png","width":512,"height":512,"caption":"SINISTRA  CIVICA"},"image":{"@id":"https:\/\/sinistracivica.it\/#\/schema\/logo\/image\/"}}]}</script>
<!-- / Yoast SEO plugin. -->

La redazione del programma di governo è un momento necessario sia nella fase preparatoria per la nostra campagna elettorale sia in quella successiva di predisposizione delle azioni di governo. Questo programma, anche se non dettagliato in ogni sua parte, costituisce un quadro di riferimento, attraverso il quale interpretare i processi politici, sociali ed economici dell’attuale [&hellip;]
