{"id":771,"date":"2020-08-14T22:47:46","date_gmt":"2020-08-14T22:47:46","guid":{"rendered":"https:\/\/sinistracivica.it\/?page_id=771"},"modified":"2020-08-14T22:47:47","modified_gmt":"2020-08-14T22:47:47","slug":"venaria-civile-partecipazione-decoro-urbano-sicurezza","status":"publish","type":"page","link":"https:\/\/sinistracivica.it\/index.php\/venaria-civile-partecipazione-decoro-urbano-sicurezza\/","title":{"rendered":"Venaria civile: partecipazione, decoro urbano, sicurezza"},"content":{"rendered":"\n<p>\u00c8 necessario elaborare un piano d\u2019intervento complessivo che permetta il ripristino di alcune situazioni deteriorate che riguardano i bisogni di base della comunit\u00e0.<br>L\u2019accesso ai cimiteri, la sicurezza e la manutenzione degli edifici pubblici e delle strade, il decoro urbano, il verde pubblico, il funzionamento ordinario dell\u2019Ente che sia efficiente e tempestivo rispetto alle richieste ricevute.<br>\u00c8 necessario prevedere risorse economiche aggiuntive ma anche sperimentare nuove forme di collaborazione nella gestione dei beni pubblici, sia promuovendo le opportunit\u00e0 gi\u00e0 in essere (patto per i beni comuni) sia verificandone di nuove.<br>In questo senso sono da promuovere tutte le forme di partecipazione per coinvolgere i cittadini, singoli e\/o in gruppi per il coinvolgimento della comunit\u00e0 locale sia nei processi decisionali che nell\u2019attuazione delle scelte politiche adottate.<br>Vigilanza del territorio. Occorre attuare una cooperazione tra forze dell&#8217;ordine e polizia municipale anche potenziando il sistema di videosorveglianza.<\/p>\n\n\n\n<p class=\"has-text-align-center\"><strong><span class=\"has-inline-color has-accent-color\">Aree cimiteriali<\/span><\/strong><\/p>\n\n\n\n<p>Occorre riattivare completamente l\u2019agibilit\u00e0 delle aree cimiteriali, portando a termine le attivit\u00e0 di restauro e di essa in sicurezza. Formulare con i cittadini nuovi accordi al fine di controllare e se possibile diminuire la naturale espansione delle aree dedicate alle tumulazioni, promuovendo la pratica della cremazione.<br>Recupero del patrimonio storico artistico La Costituzione Italiana esplicitamente prevede la tutela del paesaggio e del patrimonio storico ed artistico, ora il nostro territorio presenta una notevole concentrazione di bellezze naturali e culturali che costituiscono un patrimonio di grande valore. Esso, quindi, va difeso e valorizzato nell\u2019interesse dell\u2019intera umanit\u00e0 e quale promotore principale per lo sviluppo economico. Il recupero del patrimonio artistico deve essere oggetto di particolare attenzione da parte dell\u2019amministrazione comunale, per esempio attraverso la partecipazione a bandi di concorso e la ricerca<br>all\u2019esterno di fondi necessari alle finanze comunali poich\u00e9 i beni sono patrimonio di tutti e non solo dei Venariesi.<\/p>\n\n\n\n<p class=\"has-text-align-center\"><strong><span class=\"has-inline-color has-accent-color\">La sicurezza dei cittadini<\/span><\/strong><\/p>\n\n\n\n<p>Moralit\u00e0 e dignit\u00e0 politica implicano una particolare attenzione alla legalit\u00e0 e responsabilit\u00e0 sociale. Occorre quindi vigilare affinch\u00e9 ogni comportamento illegale sia stigmatizzato anzitutto dai cittadini e perseguito dalle forze dell\u2019ordine. La legalit\u00e0 \u00e8 una risorsa importante per ogni comunit\u00e0 che voglia crescere libera da condizionamenti e paure.<br>Venaria Reale \u00e8 una citt\u00e0 nella quale elementi di difficolt\u00e0 e potenzialit\u00e0 sono entrambi presenti e marcati. La linea di confine tra essi \u00e8 sottile: il tessuto sociale \u00e8 storicamente fragile ed \u00e8 facile che, a causa delle difficolt\u00e0 generali e di scelte amministrative sbagliate, le difficolt\u00e0 e le zone d\u2019ombra prevalgano. A ci\u00f2 si aggiungono le gravi condizioni<br>economiche delle amministrazioni locali.<br>Se le risorse sono poche, di necessit\u00e0 si dovr\u00e0 fare virt\u00f9. La prima deve essere quella di applicare, con equit\u00e0 e progressione, tariffe e tassazione locale, con una vera e seria capacit\u00e0 di applicarle. La lotta all\u2019elusione ed evasione \u00e8 possibile, \u00e8 un atto di giustizia sociale.<br>Importante inoltre \u00e8 la vigilanza, che si pu\u00f2 attuare con la cooperazione tra forze dell&#8217;ordine e polizia municipale e sistema di videosorveglianza. Si tratta dell&#8217;argomento sicurezza, magari poco importante sotto il profilo<br>statistico degli eventi, ma percepito in modo assai diverso dalla popolazione e quasi inflazionato in tutte le campagne elettorali come concetto astratto, ma appannato quando si cerca una soluzione concreta al sentimento ed alla necessit\u00e0 dei cittadini di sentirsi pi\u00f9 sicuri.<br>Sarebbe utile ampliare il sistema esistente creato e gestito dall\u2019ASM di Venaria che in questi anni lo ha \u201cesportato\u201d con risultati eccellenti, per esempio al Comune di Grugliasco. Un know-how di pregio e all&#8217;avanguardia, con due centrali operative gi\u00e0 funzionanti, una presso la compagnia dei Carabinieri di Venaria in via Dante e l\u2019altra presso il Comando di Polizia municipale di via Sciesa, che vanno utilizzate appieno:<br>\u2022 per il controllo della sicurezza della cittadinanza (furti, rapine, microdelinquenza) e accorciare i tempi delle denunce anche da parte dei cittadini attraverso siti o social (nel limite che comporta l\u2019uso dei social);<br>\u2022 per reprimere l\u2019abbandono di rifiuti;<br>\u2022 per controllare i punti di accesso alla citt\u00e0.<\/p>\n","protected":false},"excerpt":{"rendered":"<p>\u00c8 necessario elaborare un piano d\u2019intervento complessivo che permetta il ripristino di alcune situazioni deteriorate che riguardano i bisogni di base della comunit\u00e0.L\u2019accesso ai cimiteri, la sicurezza e la manutenzione degli edifici pubblici e delle strade, il decoro urbano, il verde pubblico, il funzionamento ordinario dell\u2019Ente che sia efficiente e tempestivo rispetto alle richieste ricevute.\u00c8 [&hellip;]<\/p>\n","protected":false},"author":1,"featured_media":0,"parent":0,"menu_order":0,"comment_status":"closed","ping_status":"closed","template":"","meta":{"footnotes":""},"class_list":["post-771","page","type-page","status-publish","hentry"],"yoast_head":"<!-- This site is optimized with the Yoast SEO plugin v27.4 - https:\/\/yoast.com\/product\/yoast-seo-wordpress\/ -->\n<title>Venaria civile: partecipazione, decoro urbano, sicurezza - SINISTRA CIVICA<\/title>\n<meta name=\"robots\" content=\"index, follow, max-snippet:-1, max-image-preview:large, max-video-preview:-1\" \/>\n<link rel=\"canonical\" href=\"https:\/\/sinistracivica.it\/index.php\/venaria-civile-partecipazione-decoro-urbano-sicurezza\/\" \/>\n<meta property=\"og:locale\" content=\"it_IT\" \/>\n<meta property=\"og:type\" content=\"article\" \/>\n<meta property=\"og:title\" content=\"Venaria civile: partecipazione, decoro urbano, sicurezza - SINISTRA CIVICA\" \/>\n<meta property=\"og:description\" content=\"\u00c8 necessario elaborare un piano d\u2019intervento complessivo che permetta il ripristino di alcune situazioni deteriorate che riguardano i bisogni di base della comunit\u00e0.L\u2019accesso ai cimiteri, la sicurezza e la manutenzione degli edifici pubblici e delle strade, il decoro urbano, il verde pubblico, il funzionamento ordinario dell\u2019Ente che sia efficiente e tempestivo rispetto alle richieste ricevute.\u00c8 [&hellip;]\" \/>\n<meta property=\"og:url\" content=\"https:\/\/sinistracivica.it\/index.php\/venaria-civile-partecipazione-decoro-urbano-sicurezza\/\" \/>\n<meta property=\"og:site_name\" content=\"SINISTRA CIVICA\" \/>\n<meta property=\"article:modified_time\" content=\"2020-08-14T22:47:47+00:00\" \/>\n<meta name=\"twitter:card\" content=\"summary_large_image\" \/>\n<meta name=\"twitter:label1\" content=\"Tempo di lettura stimato\" \/>\n\t<meta name=\"twitter:data1\" content=\"3 minuti\" \/>\n<script type=\"application\/ld+json\" class=\"yoast-schema-graph\">{\"@context\":\"https:\\\/\\\/schema.org\",\"@graph\":[{\"@type\":\"WebPage\",\"@id\":\"https:\\\/\\\/sinistracivica.it\\\/index.php\\\/venaria-civile-partecipazione-decoro-urbano-sicurezza\\\/\",\"url\":\"https:\\\/\\\/sinistracivica.it\\\/index.php\\\/venaria-civile-partecipazione-decoro-urbano-sicurezza\\\/\",\"name\":\"Venaria civile: partecipazione, decoro urbano, sicurezza - SINISTRA CIVICA\",\"isPartOf\":{\"@id\":\"https:\\\/\\\/sinistracivica.it\\\/#website\"},\"datePublished\":\"2020-08-14T22:47:46+00:00\",\"dateModified\":\"2020-08-14T22:47:47+00:00\",\"breadcrumb\":{\"@id\":\"https:\\\/\\\/sinistracivica.it\\\/index.php\\\/venaria-civile-partecipazione-decoro-urbano-sicurezza\\\/#breadcrumb\"},\"inLanguage\":\"it-IT\",\"potentialAction\":[{\"@type\":\"ReadAction\",\"target\":[\"https:\\\/\\\/sinistracivica.it\\\/index.php\\\/venaria-civile-partecipazione-decoro-urbano-sicurezza\\\/\"]}]},{\"@type\":\"BreadcrumbList\",\"@id\":\"https:\\\/\\\/sinistracivica.it\\\/index.php\\\/venaria-civile-partecipazione-decoro-urbano-sicurezza\\\/#breadcrumb\",\"itemListElement\":[{\"@type\":\"ListItem\",\"position\":1,\"name\":\"Home\",\"item\":\"https:\\\/\\\/sinistracivica.it\\\/\"},{\"@type\":\"ListItem\",\"position\":2,\"name\":\"Venaria civile: partecipazione, decoro urbano, sicurezza\"}]},{\"@type\":\"WebSite\",\"@id\":\"https:\\\/\\\/sinistracivica.it\\\/#website\",\"url\":\"https:\\\/\\\/sinistracivica.it\\\/\",\"name\":\"SINISTRA CIVICA\",\"description\":\"\",\"publisher\":{\"@id\":\"https:\\\/\\\/sinistracivica.it\\\/#organization\"},\"potentialAction\":[{\"@type\":\"SearchAction\",\"target\":{\"@type\":\"EntryPoint\",\"urlTemplate\":\"https:\\\/\\\/sinistracivica.it\\\/?s={search_term_string}\"},\"query-input\":{\"@type\":\"PropertyValueSpecification\",\"valueRequired\":true,\"valueName\":\"search_term_string\"}}],\"inLanguage\":\"it-IT\"},{\"@type\":\"Organization\",\"@id\":\"https:\\\/\\\/sinistracivica.it\\\/#organization\",\"name\":\"SINISTRA CIVICA\",\"url\":\"https:\\\/\\\/sinistracivica.it\\\/\",\"logo\":{\"@type\":\"ImageObject\",\"inLanguage\":\"it-IT\",\"@id\":\"https:\\\/\\\/sinistracivica.it\\\/#\\\/schema\\\/logo\\\/image\\\/\",\"url\":\"https:\\\/\\\/sinistracivica.it\\\/wp-content\\\/uploads\\\/2021\\\/01\\\/cropped-Logo_ok.png\",\"contentUrl\":\"https:\\\/\\\/sinistracivica.it\\\/wp-content\\\/uploads\\\/2021\\\/01\\\/cropped-Logo_ok.png\",\"width\":512,\"height\":512,\"caption\":\"SINISTRA  CIVICA\"},\"image\":{\"@id\":\"https:\\\/\\\/sinistracivica.it\\\/#\\\/schema\\\/logo\\\/image\\\/\"}}]}<\/script>\n<!-- \/ Yoast SEO plugin. -->","yoast_head_json":{"title":"Venaria civile: partecipazione, decoro urbano, sicurezza - SINISTRA CIVICA","robots":{"index":"index","follow":"follow","max-snippet":"max-snippet:-1","max-image-preview":"max-image-preview:large","max-video-preview":"max-video-preview:-1"},"canonical":"https:\/\/sinistracivica.it\/index.php\/venaria-civile-partecipazione-decoro-urbano-sicurezza\/","og_locale":"it_IT","og_type":"article","og_title":"Venaria civile: partecipazione, decoro urbano, sicurezza - SINISTRA CIVICA","og_description":"\u00c8 necessario elaborare un piano d\u2019intervento complessivo che permetta il ripristino di alcune situazioni deteriorate che riguardano i bisogni di base della comunit\u00e0.L\u2019accesso ai cimiteri, la sicurezza e la manutenzione degli edifici pubblici e delle strade, il decoro urbano, il verde pubblico, il funzionamento ordinario dell\u2019Ente che sia efficiente e tempestivo rispetto alle richieste ricevute.\u00c8 [&hellip;]","og_url":"https:\/\/sinistracivica.it\/index.php\/venaria-civile-partecipazione-decoro-urbano-sicurezza\/","og_site_name":"SINISTRA CIVICA","article_modified_time":"2020-08-14T22:47:47+00:00","twitter_card":"summary_large_image","twitter_misc":{"Tempo di lettura stimato":"3 minuti"},"schema":{"@context":"https:\/\/schema.org","@graph":[{"@type":"WebPage","@id":"https:\/\/sinistracivica.it\/index.php\/venaria-civile-partecipazione-decoro-urbano-sicurezza\/","url":"https:\/\/sinistracivica.it\/index.php\/venaria-civile-partecipazione-decoro-urbano-sicurezza\/","name":"Venaria civile: partecipazione, decoro urbano, sicurezza - SINISTRA CIVICA","isPartOf":{"@id":"https:\/\/sinistracivica.it\/#website"},"datePublished":"2020-08-14T22:47:46+00:00","dateModified":"2020-08-14T22:47:47+00:00","breadcrumb":{"@id":"https:\/\/sinistracivica.it\/index.php\/venaria-civile-partecipazione-decoro-urbano-sicurezza\/#breadcrumb"},"inLanguage":"it-IT","potentialAction":[{"@type":"ReadAction","target":["https:\/\/sinistracivica.it\/index.php\/venaria-civile-partecipazione-decoro-urbano-sicurezza\/"]}]},{"@type":"BreadcrumbList","@id":"https:\/\/sinistracivica.it\/index.php\/venaria-civile-partecipazione-decoro-urbano-sicurezza\/#breadcrumb","itemListElement":[{"@type":"ListItem","position":1,"name":"Home","item":"https:\/\/sinistracivica.it\/"},{"@type":"ListItem","position":2,"name":"Venaria civile: partecipazione, decoro urbano, sicurezza"}]},{"@type":"WebSite","@id":"https:\/\/sinistracivica.it\/#website","url":"https:\/\/sinistracivica.it\/","name":"SINISTRA CIVICA","description":"","publisher":{"@id":"https:\/\/sinistracivica.it\/#organization"},"potentialAction":[{"@type":"SearchAction","target":{"@type":"EntryPoint","urlTemplate":"https:\/\/sinistracivica.it\/?s={search_term_string}"},"query-input":{"@type":"PropertyValueSpecification","valueRequired":true,"valueName":"search_term_string"}}],"inLanguage":"it-IT"},{"@type":"Organization","@id":"https:\/\/sinistracivica.it\/#organization","name":"SINISTRA CIVICA","url":"https:\/\/sinistracivica.it\/","logo":{"@type":"ImageObject","inLanguage":"it-IT","@id":"https:\/\/sinistracivica.it\/#\/schema\/logo\/image\/","url":"https:\/\/sinistracivica.it\/wp-content\/uploads\/2021\/01\/cropped-Logo_ok.png","contentUrl":"https:\/\/sinistracivica.it\/wp-content\/uploads\/2021\/01\/cropped-Logo_ok.png","width":512,"height":512,"caption":"SINISTRA  CIVICA"},"image":{"@id":"https:\/\/sinistracivica.it\/#\/schema\/logo\/image\/"}}]}},"_links":{"self":[{"href":"https:\/\/sinistracivica.it\/index.php\/wp-json\/wp\/v2\/pages\/771","targetHints":{"allow":["GET"]}}],"collection":[{"href":"https:\/\/sinistracivica.it\/index.php\/wp-json\/wp\/v2\/pages"}],"about":[{"href":"https:\/\/sinistracivica.it\/index.php\/wp-json\/wp\/v2\/types\/page"}],"author":[{"embeddable":true,"href":"https:\/\/sinistracivica.it\/index.php\/wp-json\/wp\/v2\/users\/1"}],"replies":[{"embeddable":true,"href":"https:\/\/sinistracivica.it\/index.php\/wp-json\/wp\/v2\/comments?post=771"}],"version-history":[{"count":1,"href":"https:\/\/sinistracivica.it\/index.php\/wp-json\/wp\/v2\/pages\/771\/revisions"}],"predecessor-version":[{"id":772,"href":"https:\/\/sinistracivica.it\/index.php\/wp-json\/wp\/v2\/pages\/771\/revisions\/772"}],"wp:attachment":[{"href":"https:\/\/sinistracivica.it\/index.php\/wp-json\/wp\/v2\/media?parent=771"}],"curies":[{"name":"wp","href":"https:\/\/api.w.org\/{rel}","templated":true}]}}