{"id":714,"date":"2020-08-13T20:57:18","date_gmt":"2020-08-13T20:57:18","guid":{"rendered":"https:\/\/sinistracivica.it\/?page_id=714"},"modified":"2020-08-14T23:43:08","modified_gmt":"2020-08-14T23:43:08","slug":"premessa","status":"publish","type":"page","link":"https:\/\/sinistracivica.it\/index.php\/premessa\/","title":{"rendered":"Premessa"},"content":{"rendered":"\n<p><span style=\"color:#0043d3\" class=\"has-inline-color\">Premessa<br>Il presente programma ha come naturale perimetro di riferimento la Costituzione, in quanto richiamo esplicito<br>ai principi e valori fondanti la Repubblica. Nel contempo, tiene conto e si ispira alla Risoluzione approvata dall\u2019Assemblea<br>delle Nazioni Unite il 25\/09\/2015 \u201cTrasformare il nostro mondo: Agenda 2030 1 per lo Sviluppo sostenibile.<br>L\u2019Agenda universale che impegna il pianeta ad una nuova sfida globale, identificando i 17 Obiettivi per lo Sviluppo<br>sostenibile con i 169 traguardi interconnessi e indivisibili che bilanciano le tre dimensioni dello sviluppo<br>sostenibile: la dimensione economica, sociale ed ambientale.<br>I documenti citati, insieme alla Dichiarazione Universale dei Diritti Umani rappresentano l\u2019orizzonte di riferimento<br>che qualifica il nostro agire.<br>I rapporti e di dati disponibili confermano un mondo dove si acuiscono le disuguaglianze sociali, cresce l\u2019iniqua<br>distribuzione della ricchezza e permane un\u2019impronta ecologica superiore alla capacit\u00e0 biogenica del pianeta, con un<br>accumulo crescente di rifiuti dannosi e non riciclabili. Le analisi pi\u00f9 accreditate in campo scientifico sembrano sostenere<br>che la sostenibilit\u00e0 ambientale del pianeta da anni sia stata superata. Ci\u00f2 significa che a partire dagli anni settanta<br>si consuma pi\u00f9 capitale naturale di quello rigenerabile e pertanto \u00e8 da circa mezzo secolo che si sta erodendo,<br>consumando, lo stock, le riserve di capitale naturale. Il monito \u00e8 chiaro e semplice: una grande parte dell\u2019umanit\u00e0 sta<br>vivendo oltre le sue possibilit\u00e0; quando la ricchezza naturale deposta nel caveau della Terra finir\u00e0 il metabolismo<br>ecologico del pianeta, di cui l\u2019uomo \u00e8 parte integrante, subir\u00e0 un cambiamento di stato2.<br>Contraddizioni economiche e sociali con un riverbero diretto all\u2019interno delle singole comunit\u00e0 locali.<br>Per tali ragioni crediamo che le scelte nelle politiche pubbliche non possano prescindere da un approccio sui<br>Diritti Umani e la conseguente esigibilit\u00e0. Cos\u00ec come sancito nell\u2019articolo 3 della Carta, non solo in termini di uguaglianza<br>formale davanti alla legge, quanto piuttosto nei termini di principio di uguaglianza sostanziale con l\u2019obiettivo<br>di \u201c\u2026rimuovere gli ostacoli di ordine economico e sociale, che, limitando di fatto la libert\u00e0 e l\u2019eguaglianza dei cittadini,<br>impediscono il pieno sviluppo della persona umana e l\u2019effettiva partecipazione di tutti i lavoratori all\u2019organizzazione<br>politica, economica e sociale del Paese\u201d.<br>Principio da considerarsi ad integrazione e completamento del principio di Sostenibilit\u00e0 complessiva, inteso<br>come impatto delle stesse politiche pubbliche sul territorio e nella comunit\u00e0, secondo le tre dimensioni citate.<br>Nel nostro programma, tale approccio viene declinato nei principi di Equit\u00e0, Solidariet\u00e0 e Sostenibilit\u00e0. Equit\u00e0<br>intesa come uguaglianza nell\u2019accesso alle opportunit\u00e0; solidariet\u00e0 quale condizione per costruire comunit\u00e0 inclusive<br>e sostenibilit\u00e0 come sviluppo armonico con l\u2019eco-sistema.<\/span><\/p>\n","protected":false},"excerpt":{"rendered":"<p>PremessaIl presente programma ha come naturale perimetro di riferimento la Costituzione, in quanto richiamo esplicitoai principi e valori fondanti la Repubblica. Nel contempo, tiene conto e si ispira alla Risoluzione approvata dall\u2019Assembleadelle Nazioni Unite il 25\/09\/2015 \u201cTrasformare il nostro mondo: Agenda 2030 1 per lo Sviluppo sostenibile.L\u2019Agenda universale che impegna il pianeta ad una nuova [&hellip;]<\/p>\n","protected":false},"author":1,"featured_media":0,"parent":0,"menu_order":0,"comment_status":"closed","ping_status":"closed","template":"","meta":{"footnotes":""},"class_list":["post-714","page","type-page","status-publish","hentry"],"yoast_head":"<!-- This site is optimized with the Yoast SEO plugin v27.4 - https:\/\/yoast.com\/product\/yoast-seo-wordpress\/ -->\n<title>Premessa - SINISTRA CIVICA<\/title>\n<meta name=\"robots\" content=\"index, follow, max-snippet:-1, max-image-preview:large, max-video-preview:-1\" \/>\n<link rel=\"canonical\" href=\"https:\/\/sinistracivica.it\/index.php\/premessa\/\" \/>\n<meta property=\"og:locale\" content=\"it_IT\" \/>\n<meta property=\"og:type\" content=\"article\" \/>\n<meta property=\"og:title\" content=\"Premessa - SINISTRA CIVICA\" \/>\n<meta property=\"og:description\" content=\"PremessaIl presente programma ha come naturale perimetro di riferimento la Costituzione, in quanto richiamo esplicitoai principi e valori fondanti la Repubblica. Nel contempo, tiene conto e si ispira alla Risoluzione approvata dall\u2019Assembleadelle Nazioni Unite il 25\/09\/2015 \u201cTrasformare il nostro mondo: Agenda 2030 1 per lo Sviluppo sostenibile.L\u2019Agenda universale che impegna il pianeta ad una nuova [&hellip;]\" \/>\n<meta property=\"og:url\" content=\"https:\/\/sinistracivica.it\/index.php\/premessa\/\" \/>\n<meta property=\"og:site_name\" content=\"SINISTRA CIVICA\" \/>\n<meta property=\"article:modified_time\" content=\"2020-08-14T23:43:08+00:00\" \/>\n<meta name=\"twitter:card\" content=\"summary_large_image\" \/>\n<meta name=\"twitter:label1\" content=\"Tempo di lettura stimato\" \/>\n\t<meta name=\"twitter:data1\" content=\"2 minuti\" \/>\n<script type=\"application\/ld+json\" class=\"yoast-schema-graph\">{\"@context\":\"https:\\\/\\\/schema.org\",\"@graph\":[{\"@type\":\"WebPage\",\"@id\":\"https:\\\/\\\/sinistracivica.it\\\/index.php\\\/premessa\\\/\",\"url\":\"https:\\\/\\\/sinistracivica.it\\\/index.php\\\/premessa\\\/\",\"name\":\"Premessa - SINISTRA CIVICA\",\"isPartOf\":{\"@id\":\"https:\\\/\\\/sinistracivica.it\\\/#website\"},\"datePublished\":\"2020-08-13T20:57:18+00:00\",\"dateModified\":\"2020-08-14T23:43:08+00:00\",\"breadcrumb\":{\"@id\":\"https:\\\/\\\/sinistracivica.it\\\/index.php\\\/premessa\\\/#breadcrumb\"},\"inLanguage\":\"it-IT\",\"potentialAction\":[{\"@type\":\"ReadAction\",\"target\":[\"https:\\\/\\\/sinistracivica.it\\\/index.php\\\/premessa\\\/\"]}]},{\"@type\":\"BreadcrumbList\",\"@id\":\"https:\\\/\\\/sinistracivica.it\\\/index.php\\\/premessa\\\/#breadcrumb\",\"itemListElement\":[{\"@type\":\"ListItem\",\"position\":1,\"name\":\"Home\",\"item\":\"https:\\\/\\\/sinistracivica.it\\\/\"},{\"@type\":\"ListItem\",\"position\":2,\"name\":\"Premessa\"}]},{\"@type\":\"WebSite\",\"@id\":\"https:\\\/\\\/sinistracivica.it\\\/#website\",\"url\":\"https:\\\/\\\/sinistracivica.it\\\/\",\"name\":\"SINISTRA CIVICA\",\"description\":\"\",\"publisher\":{\"@id\":\"https:\\\/\\\/sinistracivica.it\\\/#organization\"},\"potentialAction\":[{\"@type\":\"SearchAction\",\"target\":{\"@type\":\"EntryPoint\",\"urlTemplate\":\"https:\\\/\\\/sinistracivica.it\\\/?s={search_term_string}\"},\"query-input\":{\"@type\":\"PropertyValueSpecification\",\"valueRequired\":true,\"valueName\":\"search_term_string\"}}],\"inLanguage\":\"it-IT\"},{\"@type\":\"Organization\",\"@id\":\"https:\\\/\\\/sinistracivica.it\\\/#organization\",\"name\":\"SINISTRA CIVICA\",\"url\":\"https:\\\/\\\/sinistracivica.it\\\/\",\"logo\":{\"@type\":\"ImageObject\",\"inLanguage\":\"it-IT\",\"@id\":\"https:\\\/\\\/sinistracivica.it\\\/#\\\/schema\\\/logo\\\/image\\\/\",\"url\":\"https:\\\/\\\/sinistracivica.it\\\/wp-content\\\/uploads\\\/2021\\\/01\\\/cropped-Logo_ok.png\",\"contentUrl\":\"https:\\\/\\\/sinistracivica.it\\\/wp-content\\\/uploads\\\/2021\\\/01\\\/cropped-Logo_ok.png\",\"width\":512,\"height\":512,\"caption\":\"SINISTRA  CIVICA\"},\"image\":{\"@id\":\"https:\\\/\\\/sinistracivica.it\\\/#\\\/schema\\\/logo\\\/image\\\/\"}}]}<\/script>\n<!-- \/ Yoast SEO plugin. -->","yoast_head_json":{"title":"Premessa - SINISTRA CIVICA","robots":{"index":"index","follow":"follow","max-snippet":"max-snippet:-1","max-image-preview":"max-image-preview:large","max-video-preview":"max-video-preview:-1"},"canonical":"https:\/\/sinistracivica.it\/index.php\/premessa\/","og_locale":"it_IT","og_type":"article","og_title":"Premessa - SINISTRA CIVICA","og_description":"PremessaIl presente programma ha come naturale perimetro di riferimento la Costituzione, in quanto richiamo esplicitoai principi e valori fondanti la Repubblica. Nel contempo, tiene conto e si ispira alla Risoluzione approvata dall\u2019Assembleadelle Nazioni Unite il 25\/09\/2015 \u201cTrasformare il nostro mondo: Agenda 2030 1 per lo Sviluppo sostenibile.L\u2019Agenda universale che impegna il pianeta ad una nuova [&hellip;]","og_url":"https:\/\/sinistracivica.it\/index.php\/premessa\/","og_site_name":"SINISTRA CIVICA","article_modified_time":"2020-08-14T23:43:08+00:00","twitter_card":"summary_large_image","twitter_misc":{"Tempo di lettura stimato":"2 minuti"},"schema":{"@context":"https:\/\/schema.org","@graph":[{"@type":"WebPage","@id":"https:\/\/sinistracivica.it\/index.php\/premessa\/","url":"https:\/\/sinistracivica.it\/index.php\/premessa\/","name":"Premessa - SINISTRA CIVICA","isPartOf":{"@id":"https:\/\/sinistracivica.it\/#website"},"datePublished":"2020-08-13T20:57:18+00:00","dateModified":"2020-08-14T23:43:08+00:00","breadcrumb":{"@id":"https:\/\/sinistracivica.it\/index.php\/premessa\/#breadcrumb"},"inLanguage":"it-IT","potentialAction":[{"@type":"ReadAction","target":["https:\/\/sinistracivica.it\/index.php\/premessa\/"]}]},{"@type":"BreadcrumbList","@id":"https:\/\/sinistracivica.it\/index.php\/premessa\/#breadcrumb","itemListElement":[{"@type":"ListItem","position":1,"name":"Home","item":"https:\/\/sinistracivica.it\/"},{"@type":"ListItem","position":2,"name":"Premessa"}]},{"@type":"WebSite","@id":"https:\/\/sinistracivica.it\/#website","url":"https:\/\/sinistracivica.it\/","name":"SINISTRA CIVICA","description":"","publisher":{"@id":"https:\/\/sinistracivica.it\/#organization"},"potentialAction":[{"@type":"SearchAction","target":{"@type":"EntryPoint","urlTemplate":"https:\/\/sinistracivica.it\/?s={search_term_string}"},"query-input":{"@type":"PropertyValueSpecification","valueRequired":true,"valueName":"search_term_string"}}],"inLanguage":"it-IT"},{"@type":"Organization","@id":"https:\/\/sinistracivica.it\/#organization","name":"SINISTRA CIVICA","url":"https:\/\/sinistracivica.it\/","logo":{"@type":"ImageObject","inLanguage":"it-IT","@id":"https:\/\/sinistracivica.it\/#\/schema\/logo\/image\/","url":"https:\/\/sinistracivica.it\/wp-content\/uploads\/2021\/01\/cropped-Logo_ok.png","contentUrl":"https:\/\/sinistracivica.it\/wp-content\/uploads\/2021\/01\/cropped-Logo_ok.png","width":512,"height":512,"caption":"SINISTRA  CIVICA"},"image":{"@id":"https:\/\/sinistracivica.it\/#\/schema\/logo\/image\/"}}]}},"_links":{"self":[{"href":"https:\/\/sinistracivica.it\/index.php\/wp-json\/wp\/v2\/pages\/714","targetHints":{"allow":["GET"]}}],"collection":[{"href":"https:\/\/sinistracivica.it\/index.php\/wp-json\/wp\/v2\/pages"}],"about":[{"href":"https:\/\/sinistracivica.it\/index.php\/wp-json\/wp\/v2\/types\/page"}],"author":[{"embeddable":true,"href":"https:\/\/sinistracivica.it\/index.php\/wp-json\/wp\/v2\/users\/1"}],"replies":[{"embeddable":true,"href":"https:\/\/sinistracivica.it\/index.php\/wp-json\/wp\/v2\/comments?post=714"}],"version-history":[{"count":2,"href":"https:\/\/sinistracivica.it\/index.php\/wp-json\/wp\/v2\/pages\/714\/revisions"}],"predecessor-version":[{"id":795,"href":"https:\/\/sinistracivica.it\/index.php\/wp-json\/wp\/v2\/pages\/714\/revisions\/795"}],"wp:attachment":[{"href":"https:\/\/sinistracivica.it\/index.php\/wp-json\/wp\/v2\/media?parent=714"}],"curies":[{"name":"wp","href":"https:\/\/api.w.org\/{rel}","templated":true}]}}