{"id":650,"date":"2020-07-13T21:13:17","date_gmt":"2020-07-13T21:13:17","guid":{"rendered":"https:\/\/sinistracivica.it\/?page_id=650"},"modified":"2020-07-13T21:13:18","modified_gmt":"2020-07-13T21:13:18","slug":"conferenza-stampa-inaugurazione-sede-coalizione","status":"publish","type":"page","link":"https:\/\/sinistracivica.it\/index.php\/conferenza-stampa-inaugurazione-sede-coalizione\/","title":{"rendered":"Conferenza stampa inaugurazione sede coalizione"},"content":{"rendered":"\n<p><span class=\"has-inline-color has-accent-color\"><strong>ECCOCI <\/strong><\/span>, passata la quarantena che ha lesionato ogni rapporto sociale ma sempre attenti alle disposizioni anti-covid, dopo vari incontri virtuali sulle pi\u00f9 disparate piattaforme dedicate alle video-conferenze , sabato 11 luglio abbiamo finalmente finalizzato alcuni obiettivi. L&#8217;intensit\u00e0 degli impegni svolti oggi hanno caratterizzato la giornata politica, e le compagne e i compagni di Sinistra Civica hanno contribuito a far si che tutti gli appuntamenti si siano svolti al meglio.<\/p>\n\n\n\n<p>La mattina in piazza Petitti l&#8217;incontro con Davide Mattiello ci offre vari spunti di  riflessione su mafie e pubbliche amministrazioni e come prevenire potenziali punti di contatto.<\/p>\n\n\n\n<p>Il pomeriggio si prosegue all&#8217;interno della nostra sede con la conferenza stampa per la presentazione del programma della coalizione del Progetto Civico, dove le tre liste consolidano la coalizione ufficializzando il lavoro prodotto  svolto nei mesi di incontri .<\/p>\n\n\n\n<p>Si conclude la giornata con l&#8217;inaugurazione della sede, \u00e8 il momento dove un p\u00f2 tutti capiamo che da adesso in poi le giornate si intensificheranno di impegni politici, ognuno con le proprie capacit\u00e0 da oggi avr\u00e0 il compito di presentare il programma ai cittadini .<\/p>\n\n\n\n<figure class=\"wp-block-embed-youtube wp-block-embed is-type-video is-provider-youtube wp-embed-aspect-16-9 wp-has-aspect-ratio\"><div class=\"wp-block-embed__wrapper\">\n<iframe loading=\"lazy\" title=\"conferenza 11 luglio\" width=\"640\" height=\"360\" src=\"https:\/\/www.youtube.com\/embed\/IuzNF38YIJ4?feature=oembed\" frameborder=\"0\" allow=\"accelerometer; autoplay; clipboard-write; encrypted-media; gyroscope; picture-in-picture; web-share\" referrerpolicy=\"strict-origin-when-cross-origin\" allowfullscreen><\/iframe>\n<\/div><\/figure>\n","protected":false},"excerpt":{"rendered":"<p>ECCOCI , passata la quarantena che ha lesionato ogni rapporto sociale ma sempre attenti alle disposizioni anti-covid, dopo vari incontri virtuali sulle pi\u00f9 disparate piattaforme dedicate alle video-conferenze , sabato 11 luglio abbiamo finalmente finalizzato alcuni obiettivi. L&#8217;intensit\u00e0 degli impegni svolti oggi hanno caratterizzato la giornata politica, e le compagne e i compagni di Sinistra [&hellip;]<\/p>\n","protected":false},"author":1,"featured_media":0,"parent":0,"menu_order":0,"comment_status":"closed","ping_status":"closed","template":"","meta":{"footnotes":""},"class_list":["post-650","page","type-page","status-publish","hentry"],"yoast_head":"<!-- This site is optimized with the Yoast SEO plugin v27.4 - https:\/\/yoast.com\/product\/yoast-seo-wordpress\/ -->\n<title>Conferenza stampa inaugurazione sede coalizione - SINISTRA CIVICA<\/title>\n<meta name=\"robots\" content=\"index, follow, max-snippet:-1, max-image-preview:large, max-video-preview:-1\" \/>\n<link rel=\"canonical\" href=\"https:\/\/sinistracivica.it\/index.php\/conferenza-stampa-inaugurazione-sede-coalizione\/\" \/>\n<meta property=\"og:locale\" content=\"it_IT\" \/>\n<meta property=\"og:type\" content=\"article\" \/>\n<meta property=\"og:title\" content=\"Conferenza stampa inaugurazione sede coalizione - SINISTRA CIVICA\" \/>\n<meta property=\"og:description\" content=\"ECCOCI , passata la quarantena che ha lesionato ogni rapporto sociale ma sempre attenti alle disposizioni anti-covid, dopo vari incontri virtuali sulle pi\u00f9 disparate piattaforme dedicate alle video-conferenze , sabato 11 luglio abbiamo finalmente finalizzato alcuni obiettivi. L&#8217;intensit\u00e0 degli impegni svolti oggi hanno caratterizzato la giornata politica, e le compagne e i compagni di Sinistra [&hellip;]\" \/>\n<meta property=\"og:url\" content=\"https:\/\/sinistracivica.it\/index.php\/conferenza-stampa-inaugurazione-sede-coalizione\/\" \/>\n<meta property=\"og:site_name\" content=\"SINISTRA CIVICA\" \/>\n<meta property=\"article:modified_time\" content=\"2020-07-13T21:13:18+00:00\" \/>\n<meta name=\"twitter:card\" content=\"summary_large_image\" \/>\n<meta name=\"twitter:label1\" content=\"Tempo di lettura stimato\" \/>\n\t<meta name=\"twitter:data1\" content=\"1 minuto\" \/>\n<script type=\"application\/ld+json\" class=\"yoast-schema-graph\">{\"@context\":\"https:\\\/\\\/schema.org\",\"@graph\":[{\"@type\":\"WebPage\",\"@id\":\"https:\\\/\\\/sinistracivica.it\\\/index.php\\\/conferenza-stampa-inaugurazione-sede-coalizione\\\/\",\"url\":\"https:\\\/\\\/sinistracivica.it\\\/index.php\\\/conferenza-stampa-inaugurazione-sede-coalizione\\\/\",\"name\":\"Conferenza stampa inaugurazione sede coalizione - SINISTRA CIVICA\",\"isPartOf\":{\"@id\":\"https:\\\/\\\/sinistracivica.it\\\/#website\"},\"datePublished\":\"2020-07-13T21:13:17+00:00\",\"dateModified\":\"2020-07-13T21:13:18+00:00\",\"breadcrumb\":{\"@id\":\"https:\\\/\\\/sinistracivica.it\\\/index.php\\\/conferenza-stampa-inaugurazione-sede-coalizione\\\/#breadcrumb\"},\"inLanguage\":\"it-IT\",\"potentialAction\":[{\"@type\":\"ReadAction\",\"target\":[\"https:\\\/\\\/sinistracivica.it\\\/index.php\\\/conferenza-stampa-inaugurazione-sede-coalizione\\\/\"]}]},{\"@type\":\"BreadcrumbList\",\"@id\":\"https:\\\/\\\/sinistracivica.it\\\/index.php\\\/conferenza-stampa-inaugurazione-sede-coalizione\\\/#breadcrumb\",\"itemListElement\":[{\"@type\":\"ListItem\",\"position\":1,\"name\":\"Home\",\"item\":\"https:\\\/\\\/sinistracivica.it\\\/\"},{\"@type\":\"ListItem\",\"position\":2,\"name\":\"Conferenza stampa inaugurazione sede coalizione\"}]},{\"@type\":\"WebSite\",\"@id\":\"https:\\\/\\\/sinistracivica.it\\\/#website\",\"url\":\"https:\\\/\\\/sinistracivica.it\\\/\",\"name\":\"SINISTRA CIVICA\",\"description\":\"\",\"publisher\":{\"@id\":\"https:\\\/\\\/sinistracivica.it\\\/#organization\"},\"potentialAction\":[{\"@type\":\"SearchAction\",\"target\":{\"@type\":\"EntryPoint\",\"urlTemplate\":\"https:\\\/\\\/sinistracivica.it\\\/?s={search_term_string}\"},\"query-input\":{\"@type\":\"PropertyValueSpecification\",\"valueRequired\":true,\"valueName\":\"search_term_string\"}}],\"inLanguage\":\"it-IT\"},{\"@type\":\"Organization\",\"@id\":\"https:\\\/\\\/sinistracivica.it\\\/#organization\",\"name\":\"SINISTRA CIVICA\",\"url\":\"https:\\\/\\\/sinistracivica.it\\\/\",\"logo\":{\"@type\":\"ImageObject\",\"inLanguage\":\"it-IT\",\"@id\":\"https:\\\/\\\/sinistracivica.it\\\/#\\\/schema\\\/logo\\\/image\\\/\",\"url\":\"https:\\\/\\\/sinistracivica.it\\\/wp-content\\\/uploads\\\/2021\\\/01\\\/cropped-Logo_ok.png\",\"contentUrl\":\"https:\\\/\\\/sinistracivica.it\\\/wp-content\\\/uploads\\\/2021\\\/01\\\/cropped-Logo_ok.png\",\"width\":512,\"height\":512,\"caption\":\"SINISTRA  CIVICA\"},\"image\":{\"@id\":\"https:\\\/\\\/sinistracivica.it\\\/#\\\/schema\\\/logo\\\/image\\\/\"}}]}<\/script>\n<!-- \/ Yoast SEO plugin. -->","yoast_head_json":{"title":"Conferenza stampa inaugurazione sede coalizione - SINISTRA CIVICA","robots":{"index":"index","follow":"follow","max-snippet":"max-snippet:-1","max-image-preview":"max-image-preview:large","max-video-preview":"max-video-preview:-1"},"canonical":"https:\/\/sinistracivica.it\/index.php\/conferenza-stampa-inaugurazione-sede-coalizione\/","og_locale":"it_IT","og_type":"article","og_title":"Conferenza stampa inaugurazione sede coalizione - SINISTRA CIVICA","og_description":"ECCOCI , passata la quarantena che ha lesionato ogni rapporto sociale ma sempre attenti alle disposizioni anti-covid, dopo vari incontri virtuali sulle pi\u00f9 disparate piattaforme dedicate alle video-conferenze , sabato 11 luglio abbiamo finalmente finalizzato alcuni obiettivi. L&#8217;intensit\u00e0 degli impegni svolti oggi hanno caratterizzato la giornata politica, e le compagne e i compagni di Sinistra [&hellip;]","og_url":"https:\/\/sinistracivica.it\/index.php\/conferenza-stampa-inaugurazione-sede-coalizione\/","og_site_name":"SINISTRA CIVICA","article_modified_time":"2020-07-13T21:13:18+00:00","twitter_card":"summary_large_image","twitter_misc":{"Tempo di lettura stimato":"1 minuto"},"schema":{"@context":"https:\/\/schema.org","@graph":[{"@type":"WebPage","@id":"https:\/\/sinistracivica.it\/index.php\/conferenza-stampa-inaugurazione-sede-coalizione\/","url":"https:\/\/sinistracivica.it\/index.php\/conferenza-stampa-inaugurazione-sede-coalizione\/","name":"Conferenza stampa inaugurazione sede coalizione - SINISTRA CIVICA","isPartOf":{"@id":"https:\/\/sinistracivica.it\/#website"},"datePublished":"2020-07-13T21:13:17+00:00","dateModified":"2020-07-13T21:13:18+00:00","breadcrumb":{"@id":"https:\/\/sinistracivica.it\/index.php\/conferenza-stampa-inaugurazione-sede-coalizione\/#breadcrumb"},"inLanguage":"it-IT","potentialAction":[{"@type":"ReadAction","target":["https:\/\/sinistracivica.it\/index.php\/conferenza-stampa-inaugurazione-sede-coalizione\/"]}]},{"@type":"BreadcrumbList","@id":"https:\/\/sinistracivica.it\/index.php\/conferenza-stampa-inaugurazione-sede-coalizione\/#breadcrumb","itemListElement":[{"@type":"ListItem","position":1,"name":"Home","item":"https:\/\/sinistracivica.it\/"},{"@type":"ListItem","position":2,"name":"Conferenza stampa inaugurazione sede coalizione"}]},{"@type":"WebSite","@id":"https:\/\/sinistracivica.it\/#website","url":"https:\/\/sinistracivica.it\/","name":"SINISTRA CIVICA","description":"","publisher":{"@id":"https:\/\/sinistracivica.it\/#organization"},"potentialAction":[{"@type":"SearchAction","target":{"@type":"EntryPoint","urlTemplate":"https:\/\/sinistracivica.it\/?s={search_term_string}"},"query-input":{"@type":"PropertyValueSpecification","valueRequired":true,"valueName":"search_term_string"}}],"inLanguage":"it-IT"},{"@type":"Organization","@id":"https:\/\/sinistracivica.it\/#organization","name":"SINISTRA CIVICA","url":"https:\/\/sinistracivica.it\/","logo":{"@type":"ImageObject","inLanguage":"it-IT","@id":"https:\/\/sinistracivica.it\/#\/schema\/logo\/image\/","url":"https:\/\/sinistracivica.it\/wp-content\/uploads\/2021\/01\/cropped-Logo_ok.png","contentUrl":"https:\/\/sinistracivica.it\/wp-content\/uploads\/2021\/01\/cropped-Logo_ok.png","width":512,"height":512,"caption":"SINISTRA  CIVICA"},"image":{"@id":"https:\/\/sinistracivica.it\/#\/schema\/logo\/image\/"}}]}},"_links":{"self":[{"href":"https:\/\/sinistracivica.it\/index.php\/wp-json\/wp\/v2\/pages\/650","targetHints":{"allow":["GET"]}}],"collection":[{"href":"https:\/\/sinistracivica.it\/index.php\/wp-json\/wp\/v2\/pages"}],"about":[{"href":"https:\/\/sinistracivica.it\/index.php\/wp-json\/wp\/v2\/types\/page"}],"author":[{"embeddable":true,"href":"https:\/\/sinistracivica.it\/index.php\/wp-json\/wp\/v2\/users\/1"}],"replies":[{"embeddable":true,"href":"https:\/\/sinistracivica.it\/index.php\/wp-json\/wp\/v2\/comments?post=650"}],"version-history":[{"count":1,"href":"https:\/\/sinistracivica.it\/index.php\/wp-json\/wp\/v2\/pages\/650\/revisions"}],"predecessor-version":[{"id":654,"href":"https:\/\/sinistracivica.it\/index.php\/wp-json\/wp\/v2\/pages\/650\/revisions\/654"}],"wp:attachment":[{"href":"https:\/\/sinistracivica.it\/index.php\/wp-json\/wp\/v2\/media?parent=650"}],"curies":[{"name":"wp","href":"https:\/\/api.w.org\/{rel}","templated":true}]}}