{"id":488,"date":"2020-04-25T21:24:03","date_gmt":"2020-04-25T21:24:03","guid":{"rendered":"https:\/\/sinistracivica.it\/?page_id=488"},"modified":"2021-01-19T18:25:29","modified_gmt":"2021-01-19T18:25:29","slug":"sinistra-civica","status":"publish","type":"page","link":"https:\/\/sinistracivica.it\/","title":{"rendered":"SINISTRA CIVICA"},"content":{"rendered":"\n<figure class=\"wp-block-image size-large\"><img loading=\"lazy\" decoding=\"async\" width=\"1024\" height=\"385\" src=\"https:\/\/sinistracivica.it\/wp-content\/uploads\/2020\/02\/logo-retangolo-1-1024x385.png\" alt=\"\" class=\"wp-image-56\" srcset=\"https:\/\/sinistracivica.it\/wp-content\/uploads\/2020\/02\/logo-retangolo-1-1024x385.png 1024w, https:\/\/sinistracivica.it\/wp-content\/uploads\/2020\/02\/logo-retangolo-1-300x113.png 300w, https:\/\/sinistracivica.it\/wp-content\/uploads\/2020\/02\/logo-retangolo-1-768x288.png 768w, https:\/\/sinistracivica.it\/wp-content\/uploads\/2020\/02\/logo-retangolo-1-1536x577.png 1536w, https:\/\/sinistracivica.it\/wp-content\/uploads\/2020\/02\/logo-retangolo-1-1200x451.png 1200w, https:\/\/sinistracivica.it\/wp-content\/uploads\/2020\/02\/logo-retangolo-1.png 1664w\" sizes=\"auto, (max-width: 1024px) 100vw, 1024px\" \/><\/figure>\n\n\n\n<p class=\"has-text-align-center has-black-color has-text-color\" style=\"font-size:18px\"><strong><em>Il pensiero comune e condiviso \u00e8 il nostro modo di essere, fare Politica significa per noi avere una visione collettiva. <\/em><\/strong><\/p>\n\n\n\n<p class=\"has-text-align-center has-black-color has-text-color\" style=\"font-size:18px\"><em><strong>Aspiriamo a produrre progetti e idee che intendiamo proporre ai cittadini al fine di promuovere dibattito e approfondimento sui temi che riguardano soprattutto il territorio locale, ma ponendo attenzione anche a quanto ci circonda sui piani pi\u00f9 vasti nazionale e del pianeta.<\/strong><\/em><\/p>\n\n\n\n<p class=\"has-text-align-center has-black-color has-text-color\" style=\"font-size:18px\"><em><strong>Crediamo nell\u2019impegno sociale e politico come servizio alla comunit\u00e0, finalizzato al raggiungimento del bene della collettivit\u00e0, rifiutiamo  personalismi e clientelismi. Ci affidiamo al&nbsp;senso di responsabilit\u00e0 di ciascuno, indispensabile per costruire un mondo migliore. <\/strong><\/em><\/p>\n\n\n\n<p class=\"has-text-align-center has-black-color has-text-color\" style=\"font-size:18px\"><em><strong>Riteniamo che la soluzione alla crisi della politica sia l\u2019impegno attivo per il bene comune, l\u2019ascolto dei bisogni dei cittadini e la ricerca di risposte efficaci e condivise. <\/strong><\/em><\/p>\n\n\n\n<p class=\"has-text-align-center has-black-color has-text-color\" style=\"font-size:18px\"><em><strong>A tale scopo Sinistra Civica intende promuovere un metodo di lavoro che coinvolga la cittadinanza nell&#8217;espressione dei bisogni e nelle scelte.<\/strong><\/em><\/p>\n\n\n\n<p class=\"has-text-align-center has-black-color has-text-color\" style=\"font-size:18px\"><em><strong>Questo sito non \u00e8 la descrizione del programma politico di Sinistra Civica, ma vuole essere uno strumento aperto alla collaborazione dei cittadini che vogliono proporre riflessioni, approfondimenti, contributi, progetti&#8230; <\/strong><\/em><\/p>\n\n\n\n<p class=\"has-text-align-center has-black-color has-text-color\" style=\"font-size:18px\"><em><strong>Si tratta di costruire un archivio di idee e di informazioni a disposizione di tutta la collettivit\u00e0, che pu\u00f2 man mano crescere con il coinvolgimento del maggior numero di persone.<\/strong><\/em><\/p>\n\n\n\n<p class=\"has-text-align-center has-black-color has-text-color\" style=\"font-size:18px\"><em><strong>Sostienici con il Tuo contributo di pensieri e idee con cui costruire insieme un percorso politico collettivo, senza condizionamenti e senza pregiudizi. In sintesi Ti proponiamo di collaborare ad un esperimento con il fine ultimo di fornire risposte concrete sui temi identificati dal nostro slogan: <\/strong><\/em><\/p>\n\n\n\n<p class=\"has-text-align-center has-vivid-red-color has-text-color\" style=\"font-size:26px\"><em><strong>Sostenibilit\u00e0, Equit\u00e0, Solidariet\u00e0<\/strong><\/em><\/p>\n\n\n\n<p class=\"has-text-color\" style=\"color:#a3001b\"><\/p>\n\n\n\n<div class=\"wp-block-file\"><a href=\"https:\/\/sinistracivica.it\/wp-content\/uploads\/2020\/07\/programma-9-giugno.pdf\"><strong>PROGRAMMA COALIZIONE PROGETTO  CIVICO<\/strong><\/a><a href=\"https:\/\/sinistracivica.it\/wp-content\/uploads\/2020\/07\/programma-9-giugno.pdf\" class=\"wp-block-file__button\" download>Download<\/a><\/div>\n","protected":false},"excerpt":{"rendered":"<p>Il pensiero comune e condiviso \u00e8 il nostro modo di essere, fare Politica significa per noi avere una visione collettiva. Aspiriamo a produrre progetti e idee che intendiamo proporre ai cittadini al fine di promuovere dibattito e approfondimento sui temi che riguardano soprattutto il territorio locale, ma ponendo attenzione anche a quanto ci circonda sui [&hellip;]<\/p>\n","protected":false},"author":1,"featured_media":0,"parent":0,"menu_order":0,"comment_status":"closed","ping_status":"closed","template":"","meta":{"footnotes":""},"class_list":["post-488","page","type-page","status-publish","hentry"],"yoast_head":"<!-- This site is optimized with the Yoast SEO plugin v27.5 - https:\/\/yoast.com\/product\/yoast-seo-wordpress\/ -->\n<title>SINISTRA CIVICA - SINISTRA CIVICA<\/title>\n<meta name=\"robots\" content=\"index, follow, max-snippet:-1, max-image-preview:large, max-video-preview:-1\" \/>\n<link rel=\"canonical\" href=\"https:\/\/sinistracivica.it\/\" \/>\n<meta property=\"og:locale\" content=\"it_IT\" \/>\n<meta property=\"og:type\" content=\"article\" \/>\n<meta property=\"og:title\" content=\"SINISTRA CIVICA - SINISTRA CIVICA\" \/>\n<meta property=\"og:description\" content=\"Il pensiero comune e condiviso \u00e8 il nostro modo di essere, fare Politica significa per noi avere una visione collettiva. Aspiriamo a produrre progetti e idee che intendiamo proporre ai cittadini al fine di promuovere dibattito e approfondimento sui temi che riguardano soprattutto il territorio locale, ma ponendo attenzione anche a quanto ci circonda sui [&hellip;]\" \/>\n<meta property=\"og:url\" content=\"https:\/\/sinistracivica.it\/\" \/>\n<meta property=\"og:site_name\" content=\"SINISTRA CIVICA\" \/>\n<meta property=\"article:modified_time\" content=\"2021-01-19T18:25:29+00:00\" \/>\n<meta property=\"og:image\" content=\"https:\/\/sinistracivica.it\/wp-content\/uploads\/2020\/02\/logo-retangolo-1-1024x385.png\" \/>\n<meta name=\"twitter:card\" content=\"summary_large_image\" \/>\n<meta name=\"twitter:label1\" content=\"Tempo di lettura stimato\" \/>\n\t<meta name=\"twitter:data1\" content=\"2 minuti\" \/>\n<script type=\"application\/ld+json\" class=\"yoast-schema-graph\">{\"@context\":\"https:\\\/\\\/schema.org\",\"@graph\":[{\"@type\":\"WebPage\",\"@id\":\"https:\\\/\\\/sinistracivica.it\\\/\",\"url\":\"https:\\\/\\\/sinistracivica.it\\\/\",\"name\":\"SINISTRA CIVICA - SINISTRA CIVICA\",\"isPartOf\":{\"@id\":\"https:\\\/\\\/sinistracivica.it\\\/#website\"},\"primaryImageOfPage\":{\"@id\":\"https:\\\/\\\/sinistracivica.it\\\/#primaryimage\"},\"image\":{\"@id\":\"https:\\\/\\\/sinistracivica.it\\\/#primaryimage\"},\"thumbnailUrl\":\"https:\\\/\\\/sinistracivica.it\\\/wp-content\\\/uploads\\\/2020\\\/02\\\/logo-retangolo-1-1024x385.png\",\"datePublished\":\"2020-04-25T21:24:03+00:00\",\"dateModified\":\"2021-01-19T18:25:29+00:00\",\"breadcrumb\":{\"@id\":\"https:\\\/\\\/sinistracivica.it\\\/#breadcrumb\"},\"inLanguage\":\"it-IT\",\"potentialAction\":[{\"@type\":\"ReadAction\",\"target\":[\"https:\\\/\\\/sinistracivica.it\\\/\"]}]},{\"@type\":\"ImageObject\",\"inLanguage\":\"it-IT\",\"@id\":\"https:\\\/\\\/sinistracivica.it\\\/#primaryimage\",\"url\":\"https:\\\/\\\/sinistracivica.it\\\/wp-content\\\/uploads\\\/2020\\\/02\\\/logo-retangolo-1.png\",\"contentUrl\":\"https:\\\/\\\/sinistracivica.it\\\/wp-content\\\/uploads\\\/2020\\\/02\\\/logo-retangolo-1.png\",\"width\":1664,\"height\":625},{\"@type\":\"BreadcrumbList\",\"@id\":\"https:\\\/\\\/sinistracivica.it\\\/#breadcrumb\",\"itemListElement\":[{\"@type\":\"ListItem\",\"position\":1,\"name\":\"Home\",\"item\":\"https:\\\/\\\/sinistracivica.it\\\/\"},{\"@type\":\"ListItem\",\"position\":2,\"name\":\"SINISTRA CIVICA\"}]},{\"@type\":\"WebSite\",\"@id\":\"https:\\\/\\\/sinistracivica.it\\\/#website\",\"url\":\"https:\\\/\\\/sinistracivica.it\\\/\",\"name\":\"SINISTRA CIVICA\",\"description\":\"\",\"publisher\":{\"@id\":\"https:\\\/\\\/sinistracivica.it\\\/#organization\"},\"potentialAction\":[{\"@type\":\"SearchAction\",\"target\":{\"@type\":\"EntryPoint\",\"urlTemplate\":\"https:\\\/\\\/sinistracivica.it\\\/?s={search_term_string}\"},\"query-input\":{\"@type\":\"PropertyValueSpecification\",\"valueRequired\":true,\"valueName\":\"search_term_string\"}}],\"inLanguage\":\"it-IT\"},{\"@type\":\"Organization\",\"@id\":\"https:\\\/\\\/sinistracivica.it\\\/#organization\",\"name\":\"SINISTRA CIVICA\",\"url\":\"https:\\\/\\\/sinistracivica.it\\\/\",\"logo\":{\"@type\":\"ImageObject\",\"inLanguage\":\"it-IT\",\"@id\":\"https:\\\/\\\/sinistracivica.it\\\/#\\\/schema\\\/logo\\\/image\\\/\",\"url\":\"https:\\\/\\\/sinistracivica.it\\\/wp-content\\\/uploads\\\/2021\\\/01\\\/cropped-Logo_ok.png\",\"contentUrl\":\"https:\\\/\\\/sinistracivica.it\\\/wp-content\\\/uploads\\\/2021\\\/01\\\/cropped-Logo_ok.png\",\"width\":512,\"height\":512,\"caption\":\"SINISTRA  CIVICA\"},\"image\":{\"@id\":\"https:\\\/\\\/sinistracivica.it\\\/#\\\/schema\\\/logo\\\/image\\\/\"}}]}<\/script>\n<!-- \/ Yoast SEO plugin. -->","yoast_head_json":{"title":"SINISTRA CIVICA - SINISTRA CIVICA","robots":{"index":"index","follow":"follow","max-snippet":"max-snippet:-1","max-image-preview":"max-image-preview:large","max-video-preview":"max-video-preview:-1"},"canonical":"https:\/\/sinistracivica.it\/","og_locale":"it_IT","og_type":"article","og_title":"SINISTRA CIVICA - SINISTRA CIVICA","og_description":"Il pensiero comune e condiviso \u00e8 il nostro modo di essere, fare Politica significa per noi avere una visione collettiva. Aspiriamo a produrre progetti e idee che intendiamo proporre ai cittadini al fine di promuovere dibattito e approfondimento sui temi che riguardano soprattutto il territorio locale, ma ponendo attenzione anche a quanto ci circonda sui [&hellip;]","og_url":"https:\/\/sinistracivica.it\/","og_site_name":"SINISTRA CIVICA","article_modified_time":"2021-01-19T18:25:29+00:00","og_image":[{"url":"https:\/\/sinistracivica.it\/wp-content\/uploads\/2020\/02\/logo-retangolo-1-1024x385.png","type":"","width":"","height":""}],"twitter_card":"summary_large_image","twitter_misc":{"Tempo di lettura stimato":"2 minuti"},"schema":{"@context":"https:\/\/schema.org","@graph":[{"@type":"WebPage","@id":"https:\/\/sinistracivica.it\/","url":"https:\/\/sinistracivica.it\/","name":"SINISTRA CIVICA - SINISTRA CIVICA","isPartOf":{"@id":"https:\/\/sinistracivica.it\/#website"},"primaryImageOfPage":{"@id":"https:\/\/sinistracivica.it\/#primaryimage"},"image":{"@id":"https:\/\/sinistracivica.it\/#primaryimage"},"thumbnailUrl":"https:\/\/sinistracivica.it\/wp-content\/uploads\/2020\/02\/logo-retangolo-1-1024x385.png","datePublished":"2020-04-25T21:24:03+00:00","dateModified":"2021-01-19T18:25:29+00:00","breadcrumb":{"@id":"https:\/\/sinistracivica.it\/#breadcrumb"},"inLanguage":"it-IT","potentialAction":[{"@type":"ReadAction","target":["https:\/\/sinistracivica.it\/"]}]},{"@type":"ImageObject","inLanguage":"it-IT","@id":"https:\/\/sinistracivica.it\/#primaryimage","url":"https:\/\/sinistracivica.it\/wp-content\/uploads\/2020\/02\/logo-retangolo-1.png","contentUrl":"https:\/\/sinistracivica.it\/wp-content\/uploads\/2020\/02\/logo-retangolo-1.png","width":1664,"height":625},{"@type":"BreadcrumbList","@id":"https:\/\/sinistracivica.it\/#breadcrumb","itemListElement":[{"@type":"ListItem","position":1,"name":"Home","item":"https:\/\/sinistracivica.it\/"},{"@type":"ListItem","position":2,"name":"SINISTRA CIVICA"}]},{"@type":"WebSite","@id":"https:\/\/sinistracivica.it\/#website","url":"https:\/\/sinistracivica.it\/","name":"SINISTRA CIVICA","description":"","publisher":{"@id":"https:\/\/sinistracivica.it\/#organization"},"potentialAction":[{"@type":"SearchAction","target":{"@type":"EntryPoint","urlTemplate":"https:\/\/sinistracivica.it\/?s={search_term_string}"},"query-input":{"@type":"PropertyValueSpecification","valueRequired":true,"valueName":"search_term_string"}}],"inLanguage":"it-IT"},{"@type":"Organization","@id":"https:\/\/sinistracivica.it\/#organization","name":"SINISTRA CIVICA","url":"https:\/\/sinistracivica.it\/","logo":{"@type":"ImageObject","inLanguage":"it-IT","@id":"https:\/\/sinistracivica.it\/#\/schema\/logo\/image\/","url":"https:\/\/sinistracivica.it\/wp-content\/uploads\/2021\/01\/cropped-Logo_ok.png","contentUrl":"https:\/\/sinistracivica.it\/wp-content\/uploads\/2021\/01\/cropped-Logo_ok.png","width":512,"height":512,"caption":"SINISTRA  CIVICA"},"image":{"@id":"https:\/\/sinistracivica.it\/#\/schema\/logo\/image\/"}}]}},"_links":{"self":[{"href":"https:\/\/sinistracivica.it\/index.php\/wp-json\/wp\/v2\/pages\/488","targetHints":{"allow":["GET"]}}],"collection":[{"href":"https:\/\/sinistracivica.it\/index.php\/wp-json\/wp\/v2\/pages"}],"about":[{"href":"https:\/\/sinistracivica.it\/index.php\/wp-json\/wp\/v2\/types\/page"}],"author":[{"embeddable":true,"href":"https:\/\/sinistracivica.it\/index.php\/wp-json\/wp\/v2\/users\/1"}],"replies":[{"embeddable":true,"href":"https:\/\/sinistracivica.it\/index.php\/wp-json\/wp\/v2\/comments?post=488"}],"version-history":[{"count":17,"href":"https:\/\/sinistracivica.it\/index.php\/wp-json\/wp\/v2\/pages\/488\/revisions"}],"predecessor-version":[{"id":1581,"href":"https:\/\/sinistracivica.it\/index.php\/wp-json\/wp\/v2\/pages\/488\/revisions\/1581"}],"wp:attachment":[{"href":"https:\/\/sinistracivica.it\/index.php\/wp-json\/wp\/v2\/media?parent=488"}],"curies":[{"name":"wp","href":"https:\/\/api.w.org\/{rel}","templated":true}]}}

<figure class="wp-block-image size-large"><img loading="lazy" decoding="async" width="1024" height="385" src="https://sinistracivica.it/wp-content/uploads/2020/02/logo-retangolo-1-1024x385.png" alt="" class="wp-image-56" srcset="https://sinistracivica.it/wp-content/uploads/2020/02/logo-retangolo-1-1024x385.png 1024w, https://sinistracivica.it/wp-content/uploads/2020/02/logo-retangolo-1-300x113.png 300w, https://sinistracivica.it/wp-content/uploads/2020/02/logo-retangolo-1-768x288.png 768w, https://sinistracivica.it/wp-content/uploads/2020/02/logo-retangolo-1-1536x577.png 1536w, https://sinistracivica.it/wp-content/uploads/2020/02/logo-retangolo-1-1200x451.png 1200w, https://sinistracivica.it/wp-content/uploads/2020/02/logo-retangolo-1.png 1664w" sizes="auto, (max-width: 1024px) 100vw, 1024px" /></figure>



<p class="has-text-align-center has-black-color has-text-color" style="font-size:18px"><strong><em>Il pensiero comune e condiviso è il nostro modo di essere, fare Politica significa per noi avere una visione collettiva. </em></strong></p>



<p class="has-text-align-center has-black-color has-text-color" style="font-size:18px"><em><strong>Aspiriamo a produrre progetti e idee che intendiamo proporre ai cittadini al fine di promuovere dibattito e approfondimento sui temi che riguardano soprattutto il territorio locale, ma ponendo attenzione anche a quanto ci circonda sui piani più vasti nazionale e del pianeta.</strong></em></p>



<p class="has-text-align-center has-black-color has-text-color" style="font-size:18px"><em><strong>Crediamo nell’impegno sociale e politico come servizio alla comunità, finalizzato al raggiungimento del bene della collettività, rifiutiamo  personalismi e clientelismi. Ci affidiamo al&nbsp;senso di responsabilità di ciascuno, indispensabile per costruire un mondo migliore. </strong></em></p>



<p class="has-text-align-center has-black-color has-text-color" style="font-size:18px"><em><strong>Riteniamo che la soluzione alla crisi della politica sia l’impegno attivo per il bene comune, l’ascolto dei bisogni dei cittadini e la ricerca di risposte efficaci e condivise. </strong></em></p>



<p class="has-text-align-center has-black-color has-text-color" style="font-size:18px"><em><strong>A tale scopo Sinistra Civica intende promuovere un metodo di lavoro che coinvolga la cittadinanza nell&#8217;espressione dei bisogni e nelle scelte.</strong></em></p>



<p class="has-text-align-center has-black-color has-text-color" style="font-size:18px"><em><strong>Questo sito non è la descrizione del programma politico di Sinistra Civica, ma vuole essere uno strumento aperto alla collaborazione dei cittadini che vogliono proporre riflessioni, approfondimenti, contributi, progetti&#8230; </strong></em></p>



<p class="has-text-align-center has-black-color has-text-color" style="font-size:18px"><em><strong>Si tratta di costruire un archivio di idee e di informazioni a disposizione di tutta la collettività, che può man mano crescere con il coinvolgimento del maggior numero di persone.</strong></em></p>



<p class="has-text-align-center has-black-color has-text-color" style="font-size:18px"><em><strong>Sostienici con il Tuo contributo di pensieri e idee con cui costruire insieme un percorso politico collettivo, senza condizionamenti e senza pregiudizi. In sintesi Ti proponiamo di collaborare ad un esperimento con il fine ultimo di fornire risposte concrete sui temi identificati dal nostro slogan: </strong></em></p>



<p class="has-text-align-center has-vivid-red-color has-text-color" style="font-size:26px"><em><strong>Sostenibilità, Equità, Solidarietà</strong></em></p>



<p class="has-text-color" style="color:#a3001b"></p>



<div class="wp-block-file"><a href="https://sinistracivica.it/wp-content/uploads/2020/07/programma-9-giugno.pdf"><strong>PROGRAMMA COALIZIONE PROGETTO  CIVICO</strong></a><a href="https://sinistracivica.it/wp-content/uploads/2020/07/programma-9-giugno.pdf" class="wp-block-file__button" download>Download</a></div>

<p>Il pensiero comune e condiviso è il nostro modo di essere, fare Politica significa per noi avere una visione collettiva. Aspiriamo a produrre progetti e idee che intendiamo proporre ai cittadini al fine di promuovere dibattito e approfondimento sui temi che riguardano soprattutto il territorio locale, ma ponendo attenzione anche a quanto ci circonda sui [&hellip;]</p>

<!-- This site is optimized with the Yoast SEO plugin v27.5 - https://yoast.com/product/yoast-seo-wordpress/ -->
<title>SINISTRA CIVICA - SINISTRA CIVICA</title>
<meta name="robots" content="index, follow, max-snippet:-1, max-image-preview:large, max-video-preview:-1" />
<link rel="canonical" href="https://sinistracivica.it/" />
<meta property="og:locale" content="it_IT" />
<meta property="og:type" content="article" />
<meta property="og:title" content="SINISTRA CIVICA - SINISTRA CIVICA" />
<meta property="og:description" content="Il pensiero comune e condiviso è il nostro modo di essere, fare Politica significa per noi avere una visione collettiva. Aspiriamo a produrre progetti e idee che intendiamo proporre ai cittadini al fine di promuovere dibattito e approfondimento sui temi che riguardano soprattutto il territorio locale, ma ponendo attenzione anche a quanto ci circonda sui [&hellip;]" />
<meta property="og:url" content="https://sinistracivica.it/" />
<meta property="og:site_name" content="SINISTRA CIVICA" />
<meta property="article:modified_time" content="2021-01-19T18:25:29+00:00" />
<meta property="og:image" content="https://sinistracivica.it/wp-content/uploads/2020/02/logo-retangolo-1-1024x385.png" />
<meta name="twitter:card" content="summary_large_image" />
<meta name="twitter:label1" content="Tempo di lettura stimato" />
	<meta name="twitter:data1" content="2 minuti" />
<script type="application/ld+json" class="yoast-schema-graph">{"@context":"https:\/\/schema.org","@graph":[{"@type":"WebPage","@id":"https:\/\/sinistracivica.it\/","url":"https:\/\/sinistracivica.it\/","name":"SINISTRA CIVICA - SINISTRA CIVICA","isPartOf":{"@id":"https:\/\/sinistracivica.it\/#website"},"primaryImageOfPage":{"@id":"https:\/\/sinistracivica.it\/#primaryimage"},"image":{"@id":"https:\/\/sinistracivica.it\/#primaryimage"},"thumbnailUrl":"https:\/\/sinistracivica.it\/wp-content\/uploads\/2020\/02\/logo-retangolo-1-1024x385.png","datePublished":"2020-04-25T21:24:03+00:00","dateModified":"2021-01-19T18:25:29+00:00","breadcrumb":{"@id":"https:\/\/sinistracivica.it\/#breadcrumb"},"inLanguage":"it-IT","potentialAction":[{"@type":"ReadAction","target":["https:\/\/sinistracivica.it\/"]}]},{"@type":"ImageObject","inLanguage":"it-IT","@id":"https:\/\/sinistracivica.it\/#primaryimage","url":"https:\/\/sinistracivica.it\/wp-content\/uploads\/2020\/02\/logo-retangolo-1.png","contentUrl":"https:\/\/sinistracivica.it\/wp-content\/uploads\/2020\/02\/logo-retangolo-1.png","width":1664,"height":625},{"@type":"BreadcrumbList","@id":"https:\/\/sinistracivica.it\/#breadcrumb","itemListElement":[{"@type":"ListItem","position":1,"name":"Home","item":"https:\/\/sinistracivica.it\/"},{"@type":"ListItem","position":2,"name":"SINISTRA CIVICA"}]},{"@type":"WebSite","@id":"https:\/\/sinistracivica.it\/#website","url":"https:\/\/sinistracivica.it\/","name":"SINISTRA CIVICA","description":"","publisher":{"@id":"https:\/\/sinistracivica.it\/#organization"},"potentialAction":[{"@type":"SearchAction","target":{"@type":"EntryPoint","urlTemplate":"https:\/\/sinistracivica.it\/?s={search_term_string}"},"query-input":{"@type":"PropertyValueSpecification","valueRequired":true,"valueName":"search_term_string"}}],"inLanguage":"it-IT"},{"@type":"Organization","@id":"https:\/\/sinistracivica.it\/#organization","name":"SINISTRA CIVICA","url":"https:\/\/sinistracivica.it\/","logo":{"@type":"ImageObject","inLanguage":"it-IT","@id":"https:\/\/sinistracivica.it\/#\/schema\/logo\/image\/","url":"https:\/\/sinistracivica.it\/wp-content\/uploads\/2021\/01\/cropped-Logo_ok.png","contentUrl":"https:\/\/sinistracivica.it\/wp-content\/uploads\/2021\/01\/cropped-Logo_ok.png","width":512,"height":512,"caption":"SINISTRA  CIVICA"},"image":{"@id":"https:\/\/sinistracivica.it\/#\/schema\/logo\/image\/"}}]}</script>
<!-- / Yoast SEO plugin. -->

Il pensiero comune e condiviso è il nostro modo di essere, fare Politica significa per noi avere una visione collettiva. Aspiriamo a produrre progetti e idee che intendiamo proporre ai cittadini al fine di promuovere dibattito e approfondimento sui temi che riguardano soprattutto il territorio locale, ma ponendo attenzione anche a quanto ci circonda sui [&hellip;]
