{"id":477,"date":"2020-04-25T21:28:44","date_gmt":"2020-04-25T21:28:44","guid":{"rendered":"https:\/\/sinistracivica.it\/?page_id=477"},"modified":"2020-04-25T21:28:45","modified_gmt":"2020-04-25T21:28:45","slug":"venaria-solidale-2","status":"publish","type":"page","link":"https:\/\/sinistracivica.it\/index.php\/venaria-solidale-2\/","title":{"rendered":"Venaria solidale"},"content":{"rendered":"\n<p>Abbiamo pensato di creare questa sezione del sito con il solo scopo di raggruppare e veicolare le informazioni relative alle iniziative di solidariet\u00e0  che si intrecciano e si sviluppano sul nostro territorio. Proveremo a costruire un punto di riferimento che raccolga tutte le proposte, le iniziative e conseguenti eventuali moduli richiesta provenienti dai comunicati ufficiali del Comune e da associazioni ed enti locali. <\/p>\n\n\n\n<p> Abbiamo sintetizzato il significato di questa sezione che costruiremo in         &#8220;<strong><em>a servizio della comunit\u00e0 dalla comunit\u00e0<\/em><\/strong>&#8220;, ed \u00e8 per questo motivo che tutto quello che pubblicheremo in queste pagine avr\u00e0 l&#8217;autorizzazione di chi propone l&#8217;iniziativa, chiederemo il permesso di pubblicare sul nostro sito perch\u00e9 vogliamo far capire che non \u00e8 nostro intento &#8220;appropriarci&#8221; idealmente di tale iniziativa. Ci piace pensare, e sopratutto crediamo, che la solidariet\u00e0 sia un reciproco sostegno che collega i singoli componenti di una comunit\u00e0 nei momenti del bisogno indipendentemente da qual si voglia appartenenza culturale e politica. <\/p>\n\n\n\n<p>Invitiamo i lettori a segnalarci :<\/p>\n\n\n\n<ul class=\"wp-block-list\"><li>segnalarci eventuali iniziative che magari ci sfuggono<\/li><li>segnalarci eventuali problemi riscontrati con i link esterni<\/li><li>stimolarci nella ricerca di iniziative ( magari non abbiamo pensato a quel particolare )<\/li><\/ul>\n\n\n\n<p>Parafrasando il discorso di insediamento del 1978 di Sandro Pertini a Presidente della Repubblica <strong><em>\u201cBisogna che la comunit\u00e0&nbsp;sia giusta e incorrotta,&nbsp;forte e umana&#8230;..&#8221;<\/em><\/strong> proviamo a mettere a disposizione quella piccola parte di umanit\u00e0- <\/p>\n","protected":false},"excerpt":{"rendered":"<p>Abbiamo pensato di creare questa sezione del sito con il solo scopo di raggruppare e veicolare le informazioni relative alle iniziative di solidariet\u00e0 che si intrecciano e si sviluppano sul nostro territorio. Proveremo a costruire un punto di riferimento che raccolga tutte le proposte, le iniziative e conseguenti eventuali moduli richiesta provenienti dai comunicati ufficiali [&hellip;]<\/p>\n","protected":false},"author":1,"featured_media":0,"parent":0,"menu_order":0,"comment_status":"closed","ping_status":"closed","template":"","meta":{"footnotes":""},"class_list":["post-477","page","type-page","status-publish","hentry"],"yoast_head":"<!-- This site is optimized with the Yoast SEO plugin v27.4 - https:\/\/yoast.com\/product\/yoast-seo-wordpress\/ -->\n<title>Venaria solidale - SINISTRA CIVICA<\/title>\n<meta name=\"robots\" content=\"index, follow, max-snippet:-1, max-image-preview:large, max-video-preview:-1\" \/>\n<link rel=\"canonical\" href=\"https:\/\/sinistracivica.it\/index.php\/venaria-solidale-2\/\" \/>\n<meta property=\"og:locale\" content=\"it_IT\" \/>\n<meta property=\"og:type\" content=\"article\" \/>\n<meta property=\"og:title\" content=\"Venaria solidale - SINISTRA CIVICA\" \/>\n<meta property=\"og:description\" content=\"Abbiamo pensato di creare questa sezione del sito con il solo scopo di raggruppare e veicolare le informazioni relative alle iniziative di solidariet\u00e0 che si intrecciano e si sviluppano sul nostro territorio. Proveremo a costruire un punto di riferimento che raccolga tutte le proposte, le iniziative e conseguenti eventuali moduli richiesta provenienti dai comunicati ufficiali [&hellip;]\" \/>\n<meta property=\"og:url\" content=\"https:\/\/sinistracivica.it\/index.php\/venaria-solidale-2\/\" \/>\n<meta property=\"og:site_name\" content=\"SINISTRA CIVICA\" \/>\n<meta property=\"article:modified_time\" content=\"2020-04-25T21:28:45+00:00\" \/>\n<meta name=\"twitter:card\" content=\"summary_large_image\" \/>\n<meta name=\"twitter:label1\" content=\"Tempo di lettura stimato\" \/>\n\t<meta name=\"twitter:data1\" content=\"1 minuto\" \/>\n<script type=\"application\/ld+json\" class=\"yoast-schema-graph\">{\"@context\":\"https:\\\/\\\/schema.org\",\"@graph\":[{\"@type\":\"WebPage\",\"@id\":\"https:\\\/\\\/sinistracivica.it\\\/index.php\\\/venaria-solidale-2\\\/\",\"url\":\"https:\\\/\\\/sinistracivica.it\\\/index.php\\\/venaria-solidale-2\\\/\",\"name\":\"Venaria solidale - SINISTRA CIVICA\",\"isPartOf\":{\"@id\":\"https:\\\/\\\/sinistracivica.it\\\/#website\"},\"datePublished\":\"2020-04-25T21:28:44+00:00\",\"dateModified\":\"2020-04-25T21:28:45+00:00\",\"breadcrumb\":{\"@id\":\"https:\\\/\\\/sinistracivica.it\\\/index.php\\\/venaria-solidale-2\\\/#breadcrumb\"},\"inLanguage\":\"it-IT\",\"potentialAction\":[{\"@type\":\"ReadAction\",\"target\":[\"https:\\\/\\\/sinistracivica.it\\\/index.php\\\/venaria-solidale-2\\\/\"]}]},{\"@type\":\"BreadcrumbList\",\"@id\":\"https:\\\/\\\/sinistracivica.it\\\/index.php\\\/venaria-solidale-2\\\/#breadcrumb\",\"itemListElement\":[{\"@type\":\"ListItem\",\"position\":1,\"name\":\"Home\",\"item\":\"https:\\\/\\\/sinistracivica.it\\\/\"},{\"@type\":\"ListItem\",\"position\":2,\"name\":\"Venaria solidale\"}]},{\"@type\":\"WebSite\",\"@id\":\"https:\\\/\\\/sinistracivica.it\\\/#website\",\"url\":\"https:\\\/\\\/sinistracivica.it\\\/\",\"name\":\"SINISTRA CIVICA\",\"description\":\"\",\"publisher\":{\"@id\":\"https:\\\/\\\/sinistracivica.it\\\/#organization\"},\"potentialAction\":[{\"@type\":\"SearchAction\",\"target\":{\"@type\":\"EntryPoint\",\"urlTemplate\":\"https:\\\/\\\/sinistracivica.it\\\/?s={search_term_string}\"},\"query-input\":{\"@type\":\"PropertyValueSpecification\",\"valueRequired\":true,\"valueName\":\"search_term_string\"}}],\"inLanguage\":\"it-IT\"},{\"@type\":\"Organization\",\"@id\":\"https:\\\/\\\/sinistracivica.it\\\/#organization\",\"name\":\"SINISTRA CIVICA\",\"url\":\"https:\\\/\\\/sinistracivica.it\\\/\",\"logo\":{\"@type\":\"ImageObject\",\"inLanguage\":\"it-IT\",\"@id\":\"https:\\\/\\\/sinistracivica.it\\\/#\\\/schema\\\/logo\\\/image\\\/\",\"url\":\"https:\\\/\\\/sinistracivica.it\\\/wp-content\\\/uploads\\\/2021\\\/01\\\/cropped-Logo_ok.png\",\"contentUrl\":\"https:\\\/\\\/sinistracivica.it\\\/wp-content\\\/uploads\\\/2021\\\/01\\\/cropped-Logo_ok.png\",\"width\":512,\"height\":512,\"caption\":\"SINISTRA  CIVICA\"},\"image\":{\"@id\":\"https:\\\/\\\/sinistracivica.it\\\/#\\\/schema\\\/logo\\\/image\\\/\"}}]}<\/script>\n<!-- \/ Yoast SEO plugin. -->","yoast_head_json":{"title":"Venaria solidale - SINISTRA CIVICA","robots":{"index":"index","follow":"follow","max-snippet":"max-snippet:-1","max-image-preview":"max-image-preview:large","max-video-preview":"max-video-preview:-1"},"canonical":"https:\/\/sinistracivica.it\/index.php\/venaria-solidale-2\/","og_locale":"it_IT","og_type":"article","og_title":"Venaria solidale - SINISTRA CIVICA","og_description":"Abbiamo pensato di creare questa sezione del sito con il solo scopo di raggruppare e veicolare le informazioni relative alle iniziative di solidariet\u00e0 che si intrecciano e si sviluppano sul nostro territorio. Proveremo a costruire un punto di riferimento che raccolga tutte le proposte, le iniziative e conseguenti eventuali moduli richiesta provenienti dai comunicati ufficiali [&hellip;]","og_url":"https:\/\/sinistracivica.it\/index.php\/venaria-solidale-2\/","og_site_name":"SINISTRA CIVICA","article_modified_time":"2020-04-25T21:28:45+00:00","twitter_card":"summary_large_image","twitter_misc":{"Tempo di lettura stimato":"1 minuto"},"schema":{"@context":"https:\/\/schema.org","@graph":[{"@type":"WebPage","@id":"https:\/\/sinistracivica.it\/index.php\/venaria-solidale-2\/","url":"https:\/\/sinistracivica.it\/index.php\/venaria-solidale-2\/","name":"Venaria solidale - SINISTRA CIVICA","isPartOf":{"@id":"https:\/\/sinistracivica.it\/#website"},"datePublished":"2020-04-25T21:28:44+00:00","dateModified":"2020-04-25T21:28:45+00:00","breadcrumb":{"@id":"https:\/\/sinistracivica.it\/index.php\/venaria-solidale-2\/#breadcrumb"},"inLanguage":"it-IT","potentialAction":[{"@type":"ReadAction","target":["https:\/\/sinistracivica.it\/index.php\/venaria-solidale-2\/"]}]},{"@type":"BreadcrumbList","@id":"https:\/\/sinistracivica.it\/index.php\/venaria-solidale-2\/#breadcrumb","itemListElement":[{"@type":"ListItem","position":1,"name":"Home","item":"https:\/\/sinistracivica.it\/"},{"@type":"ListItem","position":2,"name":"Venaria solidale"}]},{"@type":"WebSite","@id":"https:\/\/sinistracivica.it\/#website","url":"https:\/\/sinistracivica.it\/","name":"SINISTRA CIVICA","description":"","publisher":{"@id":"https:\/\/sinistracivica.it\/#organization"},"potentialAction":[{"@type":"SearchAction","target":{"@type":"EntryPoint","urlTemplate":"https:\/\/sinistracivica.it\/?s={search_term_string}"},"query-input":{"@type":"PropertyValueSpecification","valueRequired":true,"valueName":"search_term_string"}}],"inLanguage":"it-IT"},{"@type":"Organization","@id":"https:\/\/sinistracivica.it\/#organization","name":"SINISTRA CIVICA","url":"https:\/\/sinistracivica.it\/","logo":{"@type":"ImageObject","inLanguage":"it-IT","@id":"https:\/\/sinistracivica.it\/#\/schema\/logo\/image\/","url":"https:\/\/sinistracivica.it\/wp-content\/uploads\/2021\/01\/cropped-Logo_ok.png","contentUrl":"https:\/\/sinistracivica.it\/wp-content\/uploads\/2021\/01\/cropped-Logo_ok.png","width":512,"height":512,"caption":"SINISTRA  CIVICA"},"image":{"@id":"https:\/\/sinistracivica.it\/#\/schema\/logo\/image\/"}}]}},"_links":{"self":[{"href":"https:\/\/sinistracivica.it\/index.php\/wp-json\/wp\/v2\/pages\/477","targetHints":{"allow":["GET"]}}],"collection":[{"href":"https:\/\/sinistracivica.it\/index.php\/wp-json\/wp\/v2\/pages"}],"about":[{"href":"https:\/\/sinistracivica.it\/index.php\/wp-json\/wp\/v2\/types\/page"}],"author":[{"embeddable":true,"href":"https:\/\/sinistracivica.it\/index.php\/wp-json\/wp\/v2\/users\/1"}],"replies":[{"embeddable":true,"href":"https:\/\/sinistracivica.it\/index.php\/wp-json\/wp\/v2\/comments?post=477"}],"version-history":[{"count":2,"href":"https:\/\/sinistracivica.it\/index.php\/wp-json\/wp\/v2\/pages\/477\/revisions"}],"predecessor-version":[{"id":506,"href":"https:\/\/sinistracivica.it\/index.php\/wp-json\/wp\/v2\/pages\/477\/revisions\/506"}],"wp:attachment":[{"href":"https:\/\/sinistracivica.it\/index.php\/wp-json\/wp\/v2\/media?parent=477"}],"curies":[{"name":"wp","href":"https:\/\/api.w.org\/{rel}","templated":true}]}}

<p>Abbiamo pensato di creare questa sezione del sito con il solo scopo di raggruppare e veicolare le informazioni relative alle iniziative di solidarietà  che si intrecciano e si sviluppano sul nostro territorio. Proveremo a costruire un punto di riferimento che raccolga tutte le proposte, le iniziative e conseguenti eventuali moduli richiesta provenienti dai comunicati ufficiali del Comune e da associazioni ed enti locali. </p>



<p> Abbiamo sintetizzato il significato di questa sezione che costruiremo in         &#8220;<strong><em>a servizio della comunità dalla comunità</em></strong>&#8220;, ed è per questo motivo che tutto quello che pubblicheremo in queste pagine avrà l&#8217;autorizzazione di chi propone l&#8217;iniziativa, chiederemo il permesso di pubblicare sul nostro sito perché vogliamo far capire che non è nostro intento &#8220;appropriarci&#8221; idealmente di tale iniziativa. Ci piace pensare, e sopratutto crediamo, che la solidarietà sia un reciproco sostegno che collega i singoli componenti di una comunità nei momenti del bisogno indipendentemente da qual si voglia appartenenza culturale e politica. </p>



<p>Invitiamo i lettori a segnalarci :</p>



<ul class="wp-block-list"><li>segnalarci eventuali iniziative che magari ci sfuggono</li><li>segnalarci eventuali problemi riscontrati con i link esterni</li><li>stimolarci nella ricerca di iniziative ( magari non abbiamo pensato a quel particolare )</li></ul>



<p>Parafrasando il discorso di insediamento del 1978 di Sandro Pertini a Presidente della Repubblica <strong><em>“Bisogna che la comunità&nbsp;sia giusta e incorrotta,&nbsp;forte e umana&#8230;..&#8221;</em></strong> proviamo a mettere a disposizione quella piccola parte di umanità- </p>

<p>Abbiamo pensato di creare questa sezione del sito con il solo scopo di raggruppare e veicolare le informazioni relative alle iniziative di solidarietà che si intrecciano e si sviluppano sul nostro territorio. Proveremo a costruire un punto di riferimento che raccolga tutte le proposte, le iniziative e conseguenti eventuali moduli richiesta provenienti dai comunicati ufficiali [&hellip;]</p>

<!-- This site is optimized with the Yoast SEO plugin v27.4 - https://yoast.com/product/yoast-seo-wordpress/ -->
<title>Venaria solidale - SINISTRA CIVICA</title>
<meta name="robots" content="index, follow, max-snippet:-1, max-image-preview:large, max-video-preview:-1" />
<link rel="canonical" href="https://sinistracivica.it/index.php/venaria-solidale-2/" />
<meta property="og:locale" content="it_IT" />
<meta property="og:type" content="article" />
<meta property="og:title" content="Venaria solidale - SINISTRA CIVICA" />
<meta property="og:description" content="Abbiamo pensato di creare questa sezione del sito con il solo scopo di raggruppare e veicolare le informazioni relative alle iniziative di solidarietà che si intrecciano e si sviluppano sul nostro territorio. Proveremo a costruire un punto di riferimento che raccolga tutte le proposte, le iniziative e conseguenti eventuali moduli richiesta provenienti dai comunicati ufficiali [&hellip;]" />
<meta property="og:url" content="https://sinistracivica.it/index.php/venaria-solidale-2/" />
<meta property="og:site_name" content="SINISTRA CIVICA" />
<meta property="article:modified_time" content="2020-04-25T21:28:45+00:00" />
<meta name="twitter:card" content="summary_large_image" />
<meta name="twitter:label1" content="Tempo di lettura stimato" />
	<meta name="twitter:data1" content="1 minuto" />
<script type="application/ld+json" class="yoast-schema-graph">{"@context":"https:\/\/schema.org","@graph":[{"@type":"WebPage","@id":"https:\/\/sinistracivica.it\/index.php\/venaria-solidale-2\/","url":"https:\/\/sinistracivica.it\/index.php\/venaria-solidale-2\/","name":"Venaria solidale - SINISTRA CIVICA","isPartOf":{"@id":"https:\/\/sinistracivica.it\/#website"},"datePublished":"2020-04-25T21:28:44+00:00","dateModified":"2020-04-25T21:28:45+00:00","breadcrumb":{"@id":"https:\/\/sinistracivica.it\/index.php\/venaria-solidale-2\/#breadcrumb"},"inLanguage":"it-IT","potentialAction":[{"@type":"ReadAction","target":["https:\/\/sinistracivica.it\/index.php\/venaria-solidale-2\/"]}]},{"@type":"BreadcrumbList","@id":"https:\/\/sinistracivica.it\/index.php\/venaria-solidale-2\/#breadcrumb","itemListElement":[{"@type":"ListItem","position":1,"name":"Home","item":"https:\/\/sinistracivica.it\/"},{"@type":"ListItem","position":2,"name":"Venaria solidale"}]},{"@type":"WebSite","@id":"https:\/\/sinistracivica.it\/#website","url":"https:\/\/sinistracivica.it\/","name":"SINISTRA CIVICA","description":"","publisher":{"@id":"https:\/\/sinistracivica.it\/#organization"},"potentialAction":[{"@type":"SearchAction","target":{"@type":"EntryPoint","urlTemplate":"https:\/\/sinistracivica.it\/?s={search_term_string}"},"query-input":{"@type":"PropertyValueSpecification","valueRequired":true,"valueName":"search_term_string"}}],"inLanguage":"it-IT"},{"@type":"Organization","@id":"https:\/\/sinistracivica.it\/#organization","name":"SINISTRA CIVICA","url":"https:\/\/sinistracivica.it\/","logo":{"@type":"ImageObject","inLanguage":"it-IT","@id":"https:\/\/sinistracivica.it\/#\/schema\/logo\/image\/","url":"https:\/\/sinistracivica.it\/wp-content\/uploads\/2021\/01\/cropped-Logo_ok.png","contentUrl":"https:\/\/sinistracivica.it\/wp-content\/uploads\/2021\/01\/cropped-Logo_ok.png","width":512,"height":512,"caption":"SINISTRA  CIVICA"},"image":{"@id":"https:\/\/sinistracivica.it\/#\/schema\/logo\/image\/"}}]}</script>
<!-- / Yoast SEO plugin. -->

Abbiamo pensato di creare questa sezione del sito con il solo scopo di raggruppare e veicolare le informazioni relative alle iniziative di solidarietà che si intrecciano e si sviluppano sul nostro territorio. Proveremo a costruire un punto di riferimento che raccolga tutte le proposte, le iniziative e conseguenti eventuali moduli richiesta provenienti dai comunicati ufficiali [&hellip;]
